Last updated on 2025-10-31 14:49:42 CET.
| Flavor | Version | Tinstall | Tcheck | Ttotal | Status | Flags | 
|---|---|---|---|---|---|---|
| r-devel-linux-x86_64-debian-clang | 2.5.0 | 2.46 | 42.73 | 45.19 | NOTE | |
| r-devel-linux-x86_64-debian-gcc | 2.5.0 | 1.93 | 33.64 | 35.57 | NOTE | |
| r-devel-linux-x86_64-fedora-clang | 2.5.0 | 68.12 | OK | |||
| r-devel-linux-x86_64-fedora-gcc | 2.5.0 | 76.74 | OK | |||
| r-devel-windows-x86_64 | 2.5.0 | 4.00 | 69.00 | 73.00 | OK | |
| r-patched-linux-x86_64 | 2.5.0 | 2.10 | 40.63 | 42.73 | OK | |
| r-release-linux-x86_64 | 2.5.0 | 2.18 | 39.92 | 42.10 | OK | |
| r-release-macos-arm64 | 2.5.0 | 2.00 | 41.00 | 43.00 | OK | |
| r-release-macos-x86_64 | 2.5.0 | 3.00 | 56.00 | 59.00 | OK | |
| r-release-windows-x86_64 | 2.5.0 | 4.00 | 70.00 | 74.00 | OK | |
| r-oldrel-macos-arm64 | 2.5.0 | 2.00 | 33.00 | 35.00 | OK | |
| r-oldrel-macos-x86_64 | 2.5.0 | 2.00 | 53.00 | 55.00 | OK | |
| r-oldrel-windows-x86_64 | 2.5.0 | 5.00 | 82.00 | 87.00 | OK | 
Version: 2.5.0
Check: CRAN incoming feasibility
Result: NOTE
  Maintainer: ‘Thomas Matthews <txm676@gmail.com>’
  
  Package CITATION file contains call(s) to old-style personList() or
  as.personList().  Please use c() on person objects instead.
  Package CITATION file contains call(s) to old-style citEntry().  Please
  use bibentry() instead.
Flavors: r-devel-linux-x86_64-debian-clang, r-devel-linux-x86_64-debian-gcc