Last updated on 2025-11-04 09:49:59 CET.
| Flavor | Version | Tinstall | Tcheck | Ttotal | Status | Flags | 
|---|---|---|---|---|---|---|
| r-devel-linux-x86_64-debian-clang | 1.5.5 | 10.42 | 277.53 | 287.95 | OK | |
| r-devel-linux-x86_64-debian-gcc | 1.5.5 | 7.35 | 195.22 | 202.57 | OK | |
| r-devel-linux-x86_64-fedora-clang | 1.5.5 | 47.00 | 416.44 | 463.44 | OK | |
| r-devel-linux-x86_64-fedora-gcc | 1.5.5 | 28.00 | 420.62 | 448.62 | OK | |
| r-devel-windows-x86_64 | 1.5.5 | 13.00 | 254.00 | 267.00 | OK | |
| r-patched-linux-x86_64 | 1.5.5 | 12.15 | 273.91 | 286.06 | OK | |
| r-release-linux-x86_64 | 1.5.5 | 9.82 | 274.58 | 284.40 | OK | |
| r-release-macos-arm64 | 1.5.5 | 4.00 | 95.00 | 99.00 | OK | |
| r-release-macos-x86_64 | 1.5.5 | 8.00 | 177.00 | 185.00 | OK | |
| r-release-windows-x86_64 | 1.5.5 | 12.00 | 252.00 | 264.00 | OK | |
| r-oldrel-macos-arm64 | 1.5.5 | 4.00 | 98.00 | 102.00 | NOTE | |
| r-oldrel-macos-x86_64 | 1.5.5 | 8.00 | 217.00 | 225.00 | NOTE | |
| r-oldrel-windows-x86_64 | 1.5.5 | 19.00 | 337.00 | 356.00 | NOTE | 
Version: 1.5.5
Check: installed package size
Result: NOTE
    installed size is  6.3Mb
    sub-directories of 1Mb or more:
      doc   5.0Mb
Flavors: r-oldrel-macos-arm64, r-oldrel-macos-x86_64, r-oldrel-windows-x86_64