CRAN Package Check Results for Package fy

Last updated on 2025-10-21 11:53:24 CEST.

Flavor Version Tinstall Tcheck Ttotal Status Flags
r-devel-linux-x86_64-debian-clang 0.4.2 2.68 29.08 31.76 NOTE
r-devel-linux-x86_64-debian-gcc 0.4.2 2.11 22.84 24.95 NOTE
r-devel-linux-x86_64-fedora-clang 0.4.2 45.90 OK
r-devel-linux-x86_64-fedora-gcc 0.4.2 42.61 OK
r-devel-windows-x86_64 0.4.2 4.00 45.00 49.00 OK
r-patched-linux-x86_64 0.4.2 2.59 26.03 28.62 OK
r-release-linux-x86_64 0.4.2 1.99 26.37 28.36 OK
r-release-macos-arm64 0.4.2 21.00 OK
r-release-macos-x86_64 0.4.2 3.00 27.00 30.00 OK
r-release-windows-x86_64 0.4.2 5.00 47.00 52.00 OK
r-oldrel-macos-arm64 0.4.2 19.00 OK
r-oldrel-macos-x86_64 0.4.2 27.00 OK
r-oldrel-windows-x86_64 0.4.2 5.00 53.00 58.00 OK

Check Details

Version: 0.4.2
Check: HTML version of manual
Result: NOTE Found the following HTML validation problems: next_fy.html:53:1 (next_fy.Rd:16): Warning: missing </ul> before </div> Flavors: r-devel-linux-x86_64-debian-clang, r-devel-linux-x86_64-debian-gcc