CRAN Package Check Results for Package fsthet

Last updated on 2025-11-22 03:50:49 CET.

Flavor Version Tinstall Tcheck Ttotal Status Flags
r-devel-linux-x86_64-debian-clang 1.0.1 3.15 111.98 115.13 NOTE
r-devel-linux-x86_64-debian-gcc 1.0.1 2.59 69.52 72.11 NOTE
r-devel-linux-x86_64-fedora-clang 1.0.1 187.78 OK
r-devel-linux-x86_64-fedora-gcc 1.0.1 187.36 OK
r-devel-windows-x86_64 1.0.1 10.00 115.00 125.00 OK
r-patched-linux-x86_64 1.0.1 3.63 105.58 109.21 OK
r-release-linux-x86_64 1.0.1 2.89 106.46 109.35 OK
r-release-macos-arm64 1.0.1 OK
r-release-macos-x86_64 1.0.1 3.00 124.00 127.00 OK
r-release-windows-x86_64 1.0.1 11.00 112.00 123.00 OK
r-oldrel-macos-arm64 1.0.1 OK
r-oldrel-macos-x86_64 1.0.1 3.00 101.00 104.00 OK
r-oldrel-windows-x86_64 1.0.1 10.00 155.00 165.00 OK

Check Details

Version: 1.0.1
Check: CRAN incoming feasibility
Result: NOTE Maintainer: ‘Sarah P. Flanagan <spflanagan.phd@gmail.com>’ No Authors@R field in DESCRIPTION. Please add one, modifying Authors@R: c(person(given = c("Sarah", "P."), family = "Flanagan", role = c("aut", "cre"), email = "spflanagan.phd@gmail.com"), person(given = c("Adam", "G."), family = "Jones", role = "aut")) as necessary. Flavors: r-devel-linux-x86_64-debian-clang, r-devel-linux-x86_64-debian-gcc