Last updated on 2025-10-24 11:50:46 CEST.
| Flavor | Version | Tinstall | Tcheck | Ttotal | Status | Flags |
|---|---|---|---|---|---|---|
| r-devel-linux-x86_64-debian-clang | 0.2.0 | 4.58 | 37.77 | 42.35 | OK | |
| r-devel-linux-x86_64-debian-gcc | 0.2.0 | 3.10 | 28.38 | 31.48 | OK | |
| r-devel-linux-x86_64-fedora-clang | 0.2.0 | 13.00 | 51.62 | 64.62 | OK | |
| r-devel-linux-x86_64-fedora-gcc | 0.2.0 | 58.27 | OK | |||
| r-devel-windows-x86_64 | 0.2.0 | 6.00 | 53.00 | 59.00 | OK | |
| r-patched-linux-x86_64 | 0.2.0 | 4.54 | 34.25 | 38.79 | OK | |
| r-release-linux-x86_64 | 0.2.0 | 4.45 | 34.64 | 39.09 | OK | |
| r-release-macos-arm64 | 0.2.0 | 2.00 | 38.00 | 40.00 | OK | |
| r-release-macos-x86_64 | 0.2.0 | 4.00 | 32.00 | 36.00 | OK | |
| r-release-windows-x86_64 | 0.2.0 | 8.00 | 54.00 | 62.00 | OK | |
| r-oldrel-macos-arm64 | 0.2.0 | 2.00 | 19.00 | 21.00 | NOTE | |
| r-oldrel-macos-x86_64 | 0.2.0 | 5.00 | 45.00 | 50.00 | NOTE | |
| r-oldrel-windows-x86_64 | 0.2.0 | 8.00 | 63.00 | 71.00 | NOTE |
Version: 0.2.0
Check: LazyData
Result: NOTE
'LazyData' is specified without a 'data' directory
Flavors: r-oldrel-macos-arm64, r-oldrel-macos-x86_64, r-oldrel-windows-x86_64