Last updated on 2025-11-20 02:49:14 CET.
| Flavor | Version | Tinstall | Tcheck | Ttotal | Status | Flags |
|---|---|---|---|---|---|---|
| r-devel-linux-x86_64-debian-clang | 0.4.1 | 6.28 | 104.38 | 110.66 | NOTE | |
| r-devel-linux-x86_64-debian-gcc | 0.4.1 | 4.95 | 77.07 | 82.02 | NOTE | |
| r-devel-linux-x86_64-fedora-clang | 0.4.1 | 42.00 | 140.29 | 182.29 | OK | |
| r-devel-linux-x86_64-fedora-gcc | 0.4.1 | 13.00 | 146.36 | 159.36 | OK | |
| r-devel-windows-x86_64 | 0.4.1 | 11.00 | 123.00 | 134.00 | OK | |
| r-patched-linux-x86_64 | 0.4.1 | 5.73 | 97.89 | 103.62 | OK | |
| r-release-linux-x86_64 | 0.4.1 | 6.19 | 99.74 | 105.93 | OK | |
| r-release-macos-arm64 | 0.4.1 | OK | ||||
| r-release-macos-x86_64 | 0.4.1 | 6.00 | 72.00 | 78.00 | OK | |
| r-release-windows-x86_64 | 0.4.1 | 9.00 | 116.00 | 125.00 | OK | |
| r-oldrel-macos-arm64 | 0.4.1 | OK | ||||
| r-oldrel-macos-x86_64 | 0.4.1 | 5.00 | 63.00 | 68.00 | OK | |
| r-oldrel-windows-x86_64 | 0.4.1 | 12.00 | 148.00 | 160.00 | OK |
Version: 0.4.1
Check: CRAN incoming feasibility
Result: NOTE
Maintainer: ‘Alistair Wilcox <frequency@alistairwilcox.com>’
No Authors@R field in DESCRIPTION.
Please add one, modifying
Authors@R: person(given = "Alistair",
family = "Wilcox",
role = c("aut", "cre"),
email = "frequency@alistairwilcox.com")
as necessary.
Flavors: r-devel-linux-x86_64-debian-clang, r-devel-linux-x86_64-debian-gcc