Last updated on 2025-10-22 17:49:38 CEST.
Flavor | Version | Tinstall | Tcheck | Ttotal | Status | Flags |
---|---|---|---|---|---|---|
r-devel-linux-x86_64-debian-clang | 1.0.0 | 8.82 | 148.70 | 157.52 | NOTE | |
r-devel-linux-x86_64-debian-gcc | 1.0.0 | 7.73 | 97.11 | 104.84 | NOTE | |
r-devel-linux-x86_64-fedora-clang | 1.0.0 | 34.00 | 225.97 | 259.97 | OK | |
r-devel-linux-x86_64-fedora-gcc | 1.0.0 | 22.00 | 240.94 | 262.94 | OK | |
r-devel-windows-x86_64 | 1.0.0 | 13.00 | 173.00 | 186.00 | OK | |
r-patched-linux-x86_64 | 1.0.0 | 11.55 | 144.03 | 155.58 | OK | |
r-release-linux-x86_64 | 1.0.0 | 9.69 | 145.62 | 155.31 | OK | |
r-release-macos-arm64 | 1.0.0 | 5.00 | 68.00 | 73.00 | OK | |
r-release-macos-x86_64 | 1.0.0 | 9.00 | 156.00 | 165.00 | OK | |
r-release-windows-x86_64 | 1.0.0 | 14.00 | 177.00 | 191.00 | OK | |
r-oldrel-macos-arm64 | 1.0.0 | 5.00 | 101.00 | 106.00 | OK | |
r-oldrel-macos-x86_64 | 1.0.0 | 8.00 | 155.00 | 163.00 | OK | |
r-oldrel-windows-x86_64 | 1.0.0 | 19.00 | 223.00 | 242.00 | OK |
Version: 1.0.0
Check: HTML version of manual
Result: NOTE
Found the following HTML validation problems:
check.dtype.for.data.html:50:1 (check.dtype.for.data.Rd:12): Warning: missing </ul> before </div>
fileopen.gz.or.not.html:46:1 (fileopen.gz.or.not.Rd:10): Warning: missing </ul> before </div>
fwrite3.html:50:1 (fwrite3.Rd:12): Warning: missing </ul> before </div>
linesplit.fixed.html:63:1 (linesplit.fixed.Rd:21): Warning: missing </ul> before </div>
print.fs.annot.html:51:1 (print.fs.annot.Rd:12): Warning: missing </ul> before </div>
print.fs.label.html:51:1 (print.fs.label.Rd:12): Warning: missing </ul> before </div>
print.fs.patch.html:51:1 (print.fs.patch.Rd:12): Warning: missing </ul> before </div>
print.fs.surface.html:51:1 (print.fs.surface.Rd:12): Warning: missing </ul> before </div>
print.fs.volume.html:51:1 (print.fs.volume.Rd:12): Warning: missing </ul> before </div>
read.element.counts.ply.header.html:46:1 (read.element.counts.ply.header.Rd:10): Warning: missing </ul> before </div>
rotate90.html:54:1 (rotate90.Rd:14): Warning: missing </ul> before </div>
stl.format.file.is.ascii.html:46:1 (stl.format.file.is.ascii.Rd:10): Warning: missing </ul> before </div>
Flavors: r-devel-linux-x86_64-debian-clang, r-devel-linux-x86_64-debian-gcc