Last updated on 2025-10-31 14:49:42 CET.
| Flavor | Version | Tinstall | Tcheck | Ttotal | Status | Flags | 
|---|---|---|---|---|---|---|
| r-devel-linux-x86_64-debian-clang | 1.0.0 | 2.15 | 22.42 | 24.57 | NOTE | |
| r-devel-linux-x86_64-debian-gcc | 1.0.0 | 1.42 | 18.28 | 19.70 | NOTE | |
| r-devel-linux-x86_64-fedora-clang | 1.0.0 | 12.00 | 24.33 | 36.33 | OK | |
| r-devel-linux-x86_64-fedora-gcc | 1.0.0 | 33.40 | OK | |||
| r-devel-windows-x86_64 | 1.0.0 | 3.00 | 40.00 | 43.00 | OK | |
| r-patched-linux-x86_64 | 1.0.0 | 2.24 | 20.53 | 22.77 | OK | |
| r-release-linux-x86_64 | 1.0.0 | 2.17 | 20.52 | 22.69 | OK | |
| r-release-macos-arm64 | 1.0.0 | 1.00 | 14.00 | 15.00 | OK | |
| r-release-macos-x86_64 | 1.0.0 | 2.00 | 27.00 | 29.00 | OK | |
| r-release-windows-x86_64 | 1.0.0 | 4.00 | 42.00 | 46.00 | OK | |
| r-oldrel-macos-arm64 | 1.0.0 | 1.00 | 15.00 | 16.00 | OK | |
| r-oldrel-macos-x86_64 | 1.0.0 | 2.00 | 18.00 | 20.00 | OK | |
| r-oldrel-windows-x86_64 | 1.0.0 | 5.00 | 44.00 | 49.00 | OK | 
Version: 1.0.0
Check: CRAN incoming feasibility
Result: NOTE
  Maintainer: ‘Jeonghwa Lee <leejeonghwa5@gmail.com>’
  
  The Description field contains
    distributions. (Lee, J. (2023) <arXiv:2209.01516>.)
  Please refer to arXiv e-prints via their arXiv DOI <doi:10.48550/arXiv.YYMM.NNNNN>.
Flavors: r-devel-linux-x86_64-debian-clang, r-devel-linux-x86_64-debian-gcc