Last updated on 2025-11-24 16:49:57 CET.
| Flavor | Version | Tinstall | Tcheck | Ttotal | Status | Flags |
|---|---|---|---|---|---|---|
| r-devel-linux-x86_64-debian-clang | 1.1 | 6.26 | 22.17 | 28.43 | NOTE | |
| r-devel-linux-x86_64-debian-gcc | 1.1 | 4.54 | 17.26 | 21.80 | NOTE | |
| r-devel-linux-x86_64-fedora-clang | 1.1 | 47.00 | 5.64 | 52.64 | OK | |
| r-devel-linux-x86_64-fedora-gcc | 1.1 | 15.00 | 25.36 | 40.36 | OK | |
| r-devel-windows-x86_64 | 1.1 | 12.00 | 41.00 | 53.00 | OK | |
| r-patched-linux-x86_64 | 1.1 | 5.91 | 20.51 | 26.42 | OK | |
| r-release-linux-x86_64 | 1.1 | 5.81 | 20.50 | 26.31 | OK | |
| r-release-macos-arm64 | 1.1 | OK | ||||
| r-release-macos-x86_64 | 1.1 | 6.00 | 22.00 | 28.00 | OK | |
| r-release-windows-x86_64 | 1.1 | 11.00 | 41.00 | 52.00 | OK | |
| r-oldrel-macos-arm64 | 1.1 | OK | ||||
| r-oldrel-macos-x86_64 | 1.1 | 4.00 | 21.00 | 25.00 | OK | |
| r-oldrel-windows-x86_64 | 1.1 | 11.00 | 41.00 | 52.00 | OK |
Version: 1.1
Check: CRAN incoming feasibility
Result: NOTE
Maintainer: ‘Guillem Rigaill <guillem.rigaill@inrae.fr>’
The Description field contains
<arXiv:1004.0887> algorithm for detecting multiple changepoints in the
Please refer to arXiv e-prints via their arXiv DOI <doi:10.48550/arXiv.YYMM.NNNNN>.
Flavors: r-devel-linux-x86_64-debian-clang, r-devel-linux-x86_64-debian-gcc