Last updated on 2025-10-24 18:49:55 CEST.
| Flavor | Version | Tinstall | Tcheck | Ttotal | Status | Flags |
|---|---|---|---|---|---|---|
| r-devel-linux-x86_64-debian-clang | 2.0.4 | 2.75 | 39.63 | 42.38 | OK | |
| r-devel-linux-x86_64-debian-gcc | 2.0.4 | 1.81 | 28.24 | 30.05 | OK | |
| r-devel-linux-x86_64-fedora-clang | 2.0.4 | 12.00 | 55.37 | 67.37 | NOTE | |
| r-devel-linux-x86_64-fedora-gcc | 2.0.4 | 61.20 | NOTE | |||
| r-devel-windows-x86_64 | 2.0.4 | 4.00 | 60.00 | 64.00 | OK | |
| r-patched-linux-x86_64 | 2.0.4 | 2.59 | 36.54 | 39.13 | OK | |
| r-release-linux-x86_64 | 2.0.4 | 2.23 | 36.50 | 38.73 | OK | |
| r-release-macos-arm64 | 2.0.4 | 1.00 | 23.00 | 24.00 | OK | |
| r-release-macos-x86_64 | 2.0.4 | 4.00 | 56.00 | 60.00 | OK | |
| r-release-windows-x86_64 | 2.0.4 | 4.00 | 63.00 | 67.00 | OK | |
| r-oldrel-macos-arm64 | 2.0.4 | 1.00 | 22.00 | 23.00 | OK | |
| r-oldrel-macos-x86_64 | 2.0.4 | 2.00 | 33.00 | 35.00 | OK | |
| r-oldrel-windows-x86_64 | 2.0.4 | 5.00 | 148.00 | 153.00 | OK |
Version: 2.0.4
Check: dependencies in R code
Result: NOTE
Namespaces in Imports field not imported from:
‘spatstat’ ‘spatstat.data’
All declared Imports should be used.
Flavors: r-devel-linux-x86_64-fedora-clang, r-devel-linux-x86_64-fedora-gcc