Last updated on 2025-11-16 00:48:32 CET.
| Flavor | Version | Tinstall | Tcheck | Ttotal | Status | Flags |
|---|---|---|---|---|---|---|
| r-devel-linux-x86_64-debian-clang | 0.2.1 | 2.07 | 22.94 | 25.01 | OK | |
| r-devel-linux-x86_64-debian-gcc | 0.2.1 | 1.74 | 18.67 | 20.41 | OK | |
| r-devel-linux-x86_64-fedora-clang | 0.2.1 | 38.94 | OK | |||
| r-devel-linux-x86_64-fedora-gcc | 0.2.1 | 35.15 | OK | |||
| r-devel-windows-x86_64 | 0.2.1 | 5.00 | 43.00 | 48.00 | OK | |
| r-patched-linux-x86_64 | 0.2.1 | 2.10 | 22.02 | 24.12 | OK | |
| r-release-linux-x86_64 | 0.2.1 | 1.90 | 22.42 | 24.32 | OK | |
| r-release-macos-arm64 | 0.2.1 | 1.00 | 19.00 | 20.00 | OK | |
| r-release-macos-x86_64 | 0.2.1 | 2.00 | 24.00 | 26.00 | OK | |
| r-release-windows-x86_64 | 0.2.1 | 5.00 | 42.00 | 47.00 | OK | |
| r-oldrel-macos-arm64 | 0.2.1 | 1.00 | 16.00 | 17.00 | NOTE | |
| r-oldrel-macos-x86_64 | 0.2.1 | 2.00 | 24.00 | 26.00 | NOTE | |
| r-oldrel-windows-x86_64 | 0.2.1 | 6.00 | 48.00 | 54.00 | NOTE |
Version: 0.2.1
Check: LazyData
Result: NOTE
'LazyData' is specified without a 'data' directory
Flavors: r-oldrel-macos-arm64, r-oldrel-macos-x86_64, r-oldrel-windows-x86_64