Last updated on 2025-10-31 14:49:41 CET.
| Flavor | Version | Tinstall | Tcheck | Ttotal | Status | Flags | 
|---|---|---|---|---|---|---|
| r-devel-linux-x86_64-debian-clang | 0.3.0 | 9.24 | 98.00 | 107.24 | OK | |
| r-devel-linux-x86_64-debian-gcc | 0.3.0 | 7.55 | 77.82 | 85.37 | OK | |
| r-devel-linux-x86_64-fedora-clang | 0.3.0 | 37.00 | 145.91 | 182.91 | OK | |
| r-devel-linux-x86_64-fedora-gcc | 0.3.0 | 34.00 | 147.57 | 181.57 | OK | |
| r-devel-windows-x86_64 | 0.3.0 | 9.00 | 95.00 | 104.00 | OK | |
| r-patched-linux-x86_64 | 0.3.0 | 5.52 | 89.10 | 94.62 | OK | |
| r-release-linux-x86_64 | 0.3.0 | 8.14 | 89.57 | 97.71 | OK | |
| r-release-macos-arm64 | 0.3.0 | 4.00 | 70.00 | 74.00 | OK | |
| r-release-macos-x86_64 | 0.3.0 | 21.00 | 133.00 | 154.00 | OK | |
| r-release-windows-x86_64 | 0.3.0 | 11.00 | 95.00 | 106.00 | OK | |
| r-oldrel-macos-arm64 | 0.3.0 | 4.00 | 60.00 | 64.00 | NOTE | |
| r-oldrel-macos-x86_64 | 0.3.0 | 10.00 | 136.00 | 146.00 | NOTE | |
| r-oldrel-windows-x86_64 | 0.3.0 | 13.00 | 120.00 | 133.00 | NOTE | 
Version: 0.3.0
Check: LazyData
Result: NOTE
    'LazyData' is specified without a 'data' directory
Flavors: r-oldrel-macos-arm64, r-oldrel-macos-x86_64, r-oldrel-windows-x86_64