CRAN Package Check Results for Package flexdashboard

Last updated on 2025-10-24 11:50:46 CEST.

Flavor Version Tinstall Tcheck Ttotal Status Flags
r-devel-linux-x86_64-debian-clang 0.6.2 3.77 35.61 39.38 NOTE
r-devel-linux-x86_64-debian-gcc 0.6.2 2.53 27.80 30.33 NOTE
r-devel-linux-x86_64-fedora-clang 0.6.2 11.00 48.83 59.83 NOTE
r-devel-linux-x86_64-fedora-gcc 0.6.2 55.97 NOTE
r-devel-windows-x86_64 0.6.2 9.00 59.00 68.00 NOTE
r-patched-linux-x86_64 0.6.2 3.73 34.02 37.75 NOTE
r-release-linux-x86_64 0.6.2 3.36 34.19 37.55 NOTE
r-release-macos-arm64 0.6.2 2.00 23.00 25.00 NOTE
r-release-macos-x86_64 0.6.2 3.00 39.00 42.00 NOTE
r-release-windows-x86_64 0.6.2 6.00 62.00 68.00 NOTE
r-oldrel-macos-arm64 0.6.2 2.00 21.00 23.00 NOTE
r-oldrel-macos-x86_64 0.6.2 3.00 35.00 38.00 NOTE
r-oldrel-windows-x86_64 0.6.2 8.00 68.00 76.00 NOTE

Check Details

Version: 0.6.2
Check: Rd files
Result: NOTE checkRd: (-1) flex_dashboard.Rd:96: Lost braces; missing escapes or markup? 96 | the `{.storyboard}` attribute to individual pages rather than using the | ^ Flavors: r-devel-linux-x86_64-debian-clang, r-devel-linux-x86_64-debian-gcc, r-devel-linux-x86_64-fedora-clang, r-devel-linux-x86_64-fedora-gcc, r-devel-windows-x86_64, r-patched-linux-x86_64, r-release-linux-x86_64, r-release-macos-arm64, r-release-macos-x86_64, r-release-windows-x86_64, r-oldrel-macos-arm64, r-oldrel-macos-x86_64, r-oldrel-windows-x86_64