CRAN Package Check Results for Package flatr

Last updated on 2025-07-19 08:48:36 CEST.

Flavor Version Tinstall Tcheck Ttotal Status Flags
r-devel-linux-x86_64-debian-clang 0.1.1 4.12 36.16 40.28 NOTE
r-devel-linux-x86_64-debian-gcc 0.1.1 2.66 27.07 29.73 NOTE
r-devel-linux-x86_64-fedora-clang 0.1.1 58.39 OK
r-devel-linux-x86_64-fedora-gcc 0.1.1 55.53 OK
r-devel-windows-x86_64 0.1.1 5.00 53.00 58.00 OK
r-patched-linux-x86_64 0.1.1 2.41 32.10 34.51 OK
r-release-linux-x86_64 0.1.1 3.83 32.19 36.02 OK
r-release-macos-arm64 0.1.1 29.00 OK
r-release-macos-x86_64 0.1.1 52.00 OK
r-release-windows-x86_64 0.1.1 6.00 52.00 58.00 OK
r-oldrel-macos-arm64 0.1.1 20.00 OK
r-oldrel-macos-x86_64 0.1.1 31.00 OK
r-oldrel-windows-x86_64 0.1.1 7.00 58.00 65.00 OK

Check Details

Version: 0.1.1
Check: CRAN incoming feasibility
Result: NOTE Maintainer: ‘Scott D. Graham <scott.grah95@gmail.com>’ No Authors@R field in DESCRIPTION. Please add one, modifying Authors@R: person(given = c("Scott", "D."), family = "Graham", role = c("aut", "cre"), email = "scott.grah95@gmail.com") as necessary. Flavors: r-devel-linux-x86_64-debian-clang, r-devel-linux-x86_64-debian-gcc