Last updated on 2025-10-25 12:49:47 CEST.
| Flavor | Version | Tinstall | Tcheck | Ttotal | Status | Flags |
|---|---|---|---|---|---|---|
| r-devel-linux-x86_64-debian-clang | 0.1.6 | 4.71 | 42.95 | 47.66 | NOTE | |
| r-devel-linux-x86_64-debian-gcc | 0.1.6 | 2.94 | 31.87 | 34.81 | NOTE | |
| r-devel-linux-x86_64-fedora-clang | 0.1.6 | 11.00 | 62.46 | 73.46 | OK | |
| r-devel-linux-x86_64-fedora-gcc | 0.1.6 | 10.00 | 71.01 | 81.01 | OK | |
| r-devel-windows-x86_64 | 0.1.6 | 5.00 | 57.00 | 62.00 | OK | |
| r-patched-linux-x86_64 | 0.1.6 | 3.86 | 38.73 | 42.59 | OK | |
| r-release-linux-x86_64 | 0.1.6 | 4.06 | 38.85 | 42.91 | OK | |
| r-release-macos-arm64 | 0.1.6 | 2.00 | 28.00 | 30.00 | OK | |
| r-release-macos-x86_64 | 0.1.6 | 6.00 | 60.00 | 66.00 | OK | |
| r-release-windows-x86_64 | 0.1.6 | 7.00 | 59.00 | 66.00 | OK | |
| r-oldrel-macos-arm64 | 0.1.6 | 2.00 | 25.00 | 27.00 | NOTE | |
| r-oldrel-macos-x86_64 | 0.1.6 | 3.00 | 40.00 | 43.00 | NOTE | |
| r-oldrel-windows-x86_64 | 0.1.6 | 9.00 | 70.00 | 79.00 | NOTE |
Version: 0.1.6
Check: CRAN incoming feasibility
Result: NOTE
Maintainer: ‘Evan Odell <evanodell91@gmail.com>’
Found the following (possibly) invalid file URI:
URI: CODE_OF_CONDUCT.md
From: README.md
Flavors: r-devel-linux-x86_64-debian-clang, r-devel-linux-x86_64-debian-gcc
Version: 0.1.6
Check: LazyData
Result: NOTE
'LazyData' is specified without a 'data' directory
Flavors: r-oldrel-macos-arm64, r-oldrel-macos-x86_64, r-oldrel-windows-x86_64