CRAN Package Check Results for Package fitmix

Last updated on 2025-07-19 19:49:45 CEST.

Flavor Version Tinstall Tcheck Ttotal Status Flags
r-devel-linux-x86_64-debian-clang 0.1.0 2.35 24.71 27.06 NOTE
r-devel-linux-x86_64-debian-gcc 0.1.0 1.94 18.89 20.83 NOTE
r-devel-linux-x86_64-fedora-clang 0.1.0 41.85 NOTE
r-devel-linux-x86_64-fedora-gcc 0.1.0 41.33 NOTE
r-devel-windows-x86_64 0.1.0 5.00 47.00 52.00 NOTE
r-patched-linux-x86_64 0.1.0 2.73 22.93 25.66 NOTE
r-release-linux-x86_64 0.1.0 2.41 22.72 25.13 NOTE
r-release-macos-arm64 0.1.0 17.00 NOTE
r-release-macos-x86_64 0.1.0 30.00 NOTE
r-release-windows-x86_64 0.1.0 4.00 48.00 52.00 NOTE
r-oldrel-macos-arm64 0.1.0 17.00 NOTE
r-oldrel-macos-x86_64 0.1.0 25.00 NOTE
r-oldrel-windows-x86_64 0.1.0 4.00 51.00 55.00 NOTE

Check Details

Version: 0.1.0
Check: Rd files
Result: NOTE checkRd: (-1) fitmixEM.Rd:51: Escaped LaTeX specials: \& Flavors: r-devel-linux-x86_64-debian-clang, r-devel-linux-x86_64-debian-gcc, r-devel-linux-x86_64-fedora-clang, r-devel-linux-x86_64-fedora-gcc, r-devel-windows-x86_64, r-patched-linux-x86_64, r-release-linux-x86_64, r-release-macos-arm64, r-release-macos-x86_64, r-release-windows-x86_64, r-oldrel-macos-arm64, r-oldrel-macos-x86_64, r-oldrel-windows-x86_64