Last updated on 2025-10-24 11:50:46 CEST.
| Flavor | Version | Tinstall | Tcheck | Ttotal | Status | Flags |
|---|---|---|---|---|---|---|
| r-devel-linux-x86_64-debian-clang | 0.29.2 | 4.91 | 25.02 | 29.93 | OK | |
| r-devel-linux-x86_64-debian-gcc | 0.29.2 | 3.37 | 19.41 | 22.78 | OK | |
| r-devel-linux-x86_64-fedora-clang | 0.29.2 | 19.00 | 30.46 | 49.46 | NOTE | |
| r-devel-linux-x86_64-fedora-gcc | 0.29.2 | 12.00 | 31.33 | 43.33 | NOTE | |
| r-devel-windows-x86_64 | 0.29.2 | 7.00 | 51.00 | 58.00 | OK | |
| r-patched-linux-x86_64 | 0.29.2 | 4.82 | 23.43 | 28.25 | OK | |
| r-release-linux-x86_64 | 0.29.2 | 5.10 | 23.47 | 28.57 | OK | |
| r-release-macos-arm64 | 0.29.2 | 3.00 | 16.00 | 19.00 | OK | |
| r-release-macos-x86_64 | 0.29.2 | 8.00 | 36.00 | 44.00 | OK | |
| r-release-windows-x86_64 | 0.29.2 | 7.00 | 55.00 | 62.00 | OK | |
| r-oldrel-macos-arm64 | 0.29.2 | 4.00 | 19.00 | 23.00 | OK | |
| r-oldrel-macos-x86_64 | 0.29.2 | 12.00 | 22.00 | 34.00 | OK | |
| r-oldrel-windows-x86_64 | 0.29.2 | 11.00 | 51.00 | 62.00 | OK |
Version: 0.29.2
Check: compiled code
Result: NOTE
File ‘fishMod/libs/fishMod.so’:
Found no calls to: ‘R_registerRoutines’, ‘R_useDynamicSymbols’
It is good practice to register native routines and to disable symbol
search.
See ‘Writing portable packages’ in the ‘Writing R Extensions’ manual.
Flavors: r-devel-linux-x86_64-fedora-clang, r-devel-linux-x86_64-fedora-gcc