Last updated on 2025-10-26 23:50:13 CET.
| Flavor | Version | Tinstall | Tcheck | Ttotal | Status | Flags |
|---|---|---|---|---|---|---|
| r-devel-linux-x86_64-debian-clang | 0.1.1 | 9.72 | 504.94 | 514.66 | ERROR | |
| r-devel-linux-x86_64-debian-gcc | 0.1.1 | 6.55 | 300.88 | 307.43 | ERROR | |
| r-devel-linux-x86_64-fedora-clang | 0.1.1 | 22.00 | 822.60 | 844.60 | OK | |
| r-devel-linux-x86_64-fedora-gcc | 0.1.1 | 51.00 | 817.30 | 868.30 | ERROR | |
| r-devel-windows-x86_64 | 0.1.1 | 13.00 | 507.00 | 520.00 | OK | |
| r-patched-linux-x86_64 | 0.1.1 | 11.22 | 474.55 | 485.77 | ERROR | |
| r-release-linux-x86_64 | 0.1.1 | 9.72 | 476.53 | 486.25 | ERROR | |
| r-release-macos-arm64 | 0.1.1 | 6.00 | 351.00 | 357.00 | OK | |
| r-release-macos-x86_64 | 0.1.1 | 8.00 | 390.00 | 398.00 | OK | |
| r-release-windows-x86_64 | 0.1.1 | 14.00 | 506.00 | 520.00 | ERROR | |
| r-oldrel-macos-arm64 | 0.1.1 | 4.00 | 188.00 | 192.00 | NOTE | |
| r-oldrel-macos-x86_64 | 0.1.1 | 9.00 | 427.00 | 436.00 | NOTE | |
| r-oldrel-windows-x86_64 | 0.1.1 | 17.00 | 664.00 | 681.00 | ERROR |
Version: 0.1.1
Check: tests
Result: ERROR
Running ‘spelling.R’ [0s/1s]
Running ‘testthat.R’ [327s/404s]
Running the tests in ‘tests/testthat.R’ failed.
Complete output:
> # tests/testthat.R
>
> library(testthat)
> library(ffaframework)
> test_check("ffaframework")
[ FAIL 1 | WARN 0 | SKIP 24 | PASS 985 ]
══ Skipped tests (24) ══════════════════════════════════════════════════════════
• On CRAN (9): 'test-select-zstatistic.R:36:2',
'test-select-zstatistic.R:69:2', 'test-select-zstatistic.R:102:2',
'test-select-zstatistic.R:135:2', 'test-select-zstatistic.R:168:2',
'test-uncertainty-bootstrap.R:24:2', 'test-uncertainty-bootstrap.R:104:2',
'test-uncertainty-rfgpl.R:47:2', 'test-uncertainty-rfpl.R:113:2'
• Skip on R CMD check (15): 'test-plots.R:3:2', 'test-plots.R:30:2',
'test-plots.R:50:2', 'test-plots.R:77:2', 'test-plots.R:104:2',
'test-plots.R:124:2', 'test-plots.R:142:2', 'test-plots.R:161:2',
'test-plots.R:175:2', 'test-plots.R:190:2', 'test-plots.R:209:2',
'test-plots.R:241:2', 'test-plots.R:262:2', 'test-plots.R:318:2',
'test-plots.R:337:2'
══ Failed tests ════════════════════════════════════════════════════════════════
── Failure ('test-data-loading.R:16:2'): data-local.R and data-geomet.R work properly and produce same results ──
nrow(geomet_df) not equal to 102.
1/1 mismatches
[1] 103 - 102 == 1
[ FAIL 1 | WARN 0 | SKIP 24 | PASS 985 ]
Error: Test failures
Execution halted
Flavor: r-devel-linux-x86_64-debian-clang
Version: 0.1.1
Check: tests
Result: ERROR
Running ‘spelling.R’ [0s/0s]
Running ‘testthat.R’ [175s/224s]
Running the tests in ‘tests/testthat.R’ failed.
Complete output:
> # tests/testthat.R
>
> library(testthat)
> library(ffaframework)
> test_check("ffaframework")
[ FAIL 1 | WARN 0 | SKIP 24 | PASS 985 ]
══ Skipped tests (24) ══════════════════════════════════════════════════════════
• On CRAN (9): 'test-select-zstatistic.R:36:2',
'test-select-zstatistic.R:69:2', 'test-select-zstatistic.R:102:2',
'test-select-zstatistic.R:135:2', 'test-select-zstatistic.R:168:2',
'test-uncertainty-bootstrap.R:24:2', 'test-uncertainty-bootstrap.R:104:2',
'test-uncertainty-rfgpl.R:47:2', 'test-uncertainty-rfpl.R:113:2'
• Skip on R CMD check (15): 'test-plots.R:3:2', 'test-plots.R:30:2',
'test-plots.R:50:2', 'test-plots.R:77:2', 'test-plots.R:104:2',
'test-plots.R:124:2', 'test-plots.R:142:2', 'test-plots.R:161:2',
'test-plots.R:175:2', 'test-plots.R:190:2', 'test-plots.R:209:2',
'test-plots.R:241:2', 'test-plots.R:262:2', 'test-plots.R:318:2',
'test-plots.R:337:2'
══ Failed tests ════════════════════════════════════════════════════════════════
── Failure ('test-data-loading.R:16:2'): data-local.R and data-geomet.R work properly and produce same results ──
nrow(geomet_df) not equal to 102.
1/1 mismatches
[1] 103 - 102 == 1
[ FAIL 1 | WARN 0 | SKIP 24 | PASS 985 ]
Error: Test failures
Execution halted
Flavor: r-devel-linux-x86_64-debian-gcc
Version: 0.1.1
Check: tests
Result: ERROR
Running ‘spelling.R’
Running ‘testthat.R’ [9m/24m]
Running the tests in ‘tests/testthat.R’ failed.
Complete output:
> # tests/testthat.R
>
> library(testthat)
> library(ffaframework)
> test_check("ffaframework")
[ FAIL 1 | WARN 0 | SKIP 24 | PASS 985 ]
══ Skipped tests (24) ══════════════════════════════════════════════════════════
• On CRAN (9): 'test-select-zstatistic.R:36:2',
'test-select-zstatistic.R:69:2', 'test-select-zstatistic.R:102:2',
'test-select-zstatistic.R:135:2', 'test-select-zstatistic.R:168:2',
'test-uncertainty-bootstrap.R:24:2', 'test-uncertainty-bootstrap.R:104:2',
'test-uncertainty-rfgpl.R:47:2', 'test-uncertainty-rfpl.R:113:2'
• Skip on R CMD check (15): 'test-plots.R:3:2', 'test-plots.R:30:2',
'test-plots.R:50:2', 'test-plots.R:77:2', 'test-plots.R:104:2',
'test-plots.R:124:2', 'test-plots.R:142:2', 'test-plots.R:161:2',
'test-plots.R:175:2', 'test-plots.R:190:2', 'test-plots.R:209:2',
'test-plots.R:241:2', 'test-plots.R:262:2', 'test-plots.R:318:2',
'test-plots.R:337:2'
══ Failed tests ════════════════════════════════════════════════════════════════
── Failure ('test-data-loading.R:16:2'): data-local.R and data-geomet.R work properly and produce same results ──
nrow(geomet_df) not equal to 102.
1/1 mismatches
[1] 103 - 102 == 1
[ FAIL 1 | WARN 0 | SKIP 24 | PASS 985 ]
Error: Test failures
Execution halted
Flavor: r-devel-linux-x86_64-fedora-gcc
Version: 0.1.1
Check: tests
Result: ERROR
Running ‘spelling.R’ [0s/0s]
Running ‘testthat.R’ [302s/389s]
Running the tests in ‘tests/testthat.R’ failed.
Complete output:
> # tests/testthat.R
>
> library(testthat)
> library(ffaframework)
> test_check("ffaframework")
[ FAIL 1 | WARN 0 | SKIP 24 | PASS 985 ]
══ Skipped tests (24) ══════════════════════════════════════════════════════════
• On CRAN (9): 'test-select-zstatistic.R:36:2',
'test-select-zstatistic.R:69:2', 'test-select-zstatistic.R:102:2',
'test-select-zstatistic.R:135:2', 'test-select-zstatistic.R:168:2',
'test-uncertainty-bootstrap.R:24:2', 'test-uncertainty-bootstrap.R:104:2',
'test-uncertainty-rfgpl.R:47:2', 'test-uncertainty-rfpl.R:113:2'
• Skip on R CMD check (15): 'test-plots.R:3:2', 'test-plots.R:30:2',
'test-plots.R:50:2', 'test-plots.R:77:2', 'test-plots.R:104:2',
'test-plots.R:124:2', 'test-plots.R:142:2', 'test-plots.R:161:2',
'test-plots.R:175:2', 'test-plots.R:190:2', 'test-plots.R:209:2',
'test-plots.R:241:2', 'test-plots.R:262:2', 'test-plots.R:318:2',
'test-plots.R:337:2'
══ Failed tests ════════════════════════════════════════════════════════════════
── Failure ('test-data-loading.R:16:2'): data-local.R and data-geomet.R work properly and produce same results ──
nrow(geomet_df) not equal to 102.
1/1 mismatches
[1] 103 - 102 == 1
[ FAIL 1 | WARN 0 | SKIP 24 | PASS 985 ]
Error: Test failures
Execution halted
Flavor: r-patched-linux-x86_64
Version: 0.1.1
Check: tests
Result: ERROR
Running ‘spelling.R’ [0s/0s]
Running ‘testthat.R’ [305s/381s]
Running the tests in ‘tests/testthat.R’ failed.
Complete output:
> # tests/testthat.R
>
> library(testthat)
> library(ffaframework)
> test_check("ffaframework")
[ FAIL 1 | WARN 0 | SKIP 24 | PASS 985 ]
══ Skipped tests (24) ══════════════════════════════════════════════════════════
• On CRAN (9): 'test-select-zstatistic.R:36:2',
'test-select-zstatistic.R:69:2', 'test-select-zstatistic.R:102:2',
'test-select-zstatistic.R:135:2', 'test-select-zstatistic.R:168:2',
'test-uncertainty-bootstrap.R:24:2', 'test-uncertainty-bootstrap.R:104:2',
'test-uncertainty-rfgpl.R:47:2', 'test-uncertainty-rfpl.R:113:2'
• Skip on R CMD check (15): 'test-plots.R:3:2', 'test-plots.R:30:2',
'test-plots.R:50:2', 'test-plots.R:77:2', 'test-plots.R:104:2',
'test-plots.R:124:2', 'test-plots.R:142:2', 'test-plots.R:161:2',
'test-plots.R:175:2', 'test-plots.R:190:2', 'test-plots.R:209:2',
'test-plots.R:241:2', 'test-plots.R:262:2', 'test-plots.R:318:2',
'test-plots.R:337:2'
══ Failed tests ════════════════════════════════════════════════════════════════
── Failure ('test-data-loading.R:16:2'): data-local.R and data-geomet.R work properly and produce same results ──
nrow(geomet_df) not equal to 102.
1/1 mismatches
[1] 103 - 102 == 1
[ FAIL 1 | WARN 0 | SKIP 24 | PASS 985 ]
Error: Test failures
Execution halted
Flavor: r-release-linux-x86_64
Version: 0.1.1
Check: tests
Result: ERROR
Running 'spelling.R' [0s]
Running 'testthat.R' [331s]
Running the tests in 'tests/testthat.R' failed.
Complete output:
> # tests/testthat.R
>
> library(testthat)
> library(ffaframework)
> test_check("ffaframework")
[ FAIL 1 | WARN 0 | SKIP 24 | PASS 985 ]
══ Skipped tests (24) ══════════════════════════════════════════════════════════
• On CRAN (9): 'test-select-zstatistic.R:36:2',
'test-select-zstatistic.R:69:2', 'test-select-zstatistic.R:102:2',
'test-select-zstatistic.R:135:2', 'test-select-zstatistic.R:168:2',
'test-uncertainty-bootstrap.R:24:2', 'test-uncertainty-bootstrap.R:104:2',
'test-uncertainty-rfgpl.R:47:2', 'test-uncertainty-rfpl.R:113:2'
• Skip on R CMD check (15): 'test-plots.R:3:2', 'test-plots.R:30:2',
'test-plots.R:50:2', 'test-plots.R:77:2', 'test-plots.R:104:2',
'test-plots.R:124:2', 'test-plots.R:142:2', 'test-plots.R:161:2',
'test-plots.R:175:2', 'test-plots.R:190:2', 'test-plots.R:209:2',
'test-plots.R:241:2', 'test-plots.R:262:2', 'test-plots.R:318:2',
'test-plots.R:337:2'
══ Failed tests ════════════════════════════════════════════════════════════════
── Failure ('test-data-loading.R:16:2'): data-local.R and data-geomet.R work properly and produce same results ──
nrow(geomet_df) not equal to 102.
1/1 mismatches
[1] 103 - 102 == 1
[ FAIL 1 | WARN 0 | SKIP 24 | PASS 985 ]
Error: Test failures
Execution halted
Flavor: r-release-windows-x86_64
Version: 0.1.1
Check: installed package size
Result: NOTE
installed size is 5.3Mb
sub-directories of 1Mb or more:
doc 2.3Mb
help 2.5Mb
Flavors: r-oldrel-macos-arm64, r-oldrel-macos-x86_64, r-oldrel-windows-x86_64
Version: 0.1.1
Check: tests
Result: ERROR
Running 'spelling.R' [0s]
Running 'testthat.R' [446s]
Running the tests in 'tests/testthat.R' failed.
Complete output:
> # tests/testthat.R
>
> library(testthat)
> library(ffaframework)
> test_check("ffaframework")
[ FAIL 1 | WARN 0 | SKIP 24 | PASS 985 ]
══ Skipped tests (24) ══════════════════════════════════════════════════════════
• On CRAN (9): 'test-select-zstatistic.R:36:2',
'test-select-zstatistic.R:69:2', 'test-select-zstatistic.R:102:2',
'test-select-zstatistic.R:135:2', 'test-select-zstatistic.R:168:2',
'test-uncertainty-bootstrap.R:24:2', 'test-uncertainty-bootstrap.R:104:2',
'test-uncertainty-rfgpl.R:47:2', 'test-uncertainty-rfpl.R:113:2'
• Skip on R CMD check (15): 'test-plots.R:3:2', 'test-plots.R:30:2',
'test-plots.R:50:2', 'test-plots.R:77:2', 'test-plots.R:104:2',
'test-plots.R:124:2', 'test-plots.R:142:2', 'test-plots.R:161:2',
'test-plots.R:175:2', 'test-plots.R:190:2', 'test-plots.R:209:2',
'test-plots.R:241:2', 'test-plots.R:262:2', 'test-plots.R:318:2',
'test-plots.R:337:2'
══ Failed tests ════════════════════════════════════════════════════════════════
── Failure ('test-data-loading.R:16:2'): data-local.R and data-geomet.R work properly and produce same results ──
nrow(geomet_df) not equal to 102.
1/1 mismatches
[1] 103 - 102 == 1
[ FAIL 1 | WARN 0 | SKIP 24 | PASS 985 ]
Error: Test failures
Execution halted
Flavor: r-oldrel-windows-x86_64