Last updated on 2025-10-31 07:51:45 CET.
| Flavor | Version | Tinstall | Tcheck | Ttotal | Status | Flags | 
|---|---|---|---|---|---|---|
| r-devel-linux-x86_64-debian-clang | 0.12 | 8.36 | 75.10 | 83.46 | OK | |
| r-devel-linux-x86_64-debian-gcc | 0.12 | 7.86 | 62.57 | 70.43 | OK | |
| r-devel-linux-x86_64-fedora-clang | 0.12 | 23.00 | 116.76 | 139.76 | NOTE | |
| r-devel-linux-x86_64-fedora-gcc | 0.12 | 20.00 | 105.28 | 125.28 | NOTE | |
| r-devel-windows-x86_64 | 0.12 | 9.00 | 80.00 | 89.00 | OK | |
| r-patched-linux-x86_64 | 0.12 | 8.79 | 69.24 | 78.03 | OK | |
| r-release-linux-x86_64 | 0.12 | 8.66 | 67.58 | 76.24 | OK | |
| r-release-macos-arm64 | 0.12 | 8.00 | 41.00 | 49.00 | OK | |
| r-release-macos-x86_64 | 0.12 | 9.00 | 62.00 | 71.00 | OK | |
| r-release-windows-x86_64 | 0.12 | 12.00 | 80.00 | 92.00 | OK | |
| r-oldrel-macos-arm64 | 0.12 | 7.00 | 41.00 | 48.00 | NOTE | |
| r-oldrel-macos-x86_64 | 0.12 | 7.00 | 49.00 | 56.00 | NOTE | |
| r-oldrel-windows-x86_64 | 0.12 | 13.00 | 99.00 | 112.00 | NOTE | 
Version: 0.12
Check: dependencies in R code
Result: NOTE
  Namespaces in Imports field not imported from:
    ‘data.table’ ‘ggplot2’ ‘randomcoloR’ ‘sqldf’
    All declared Imports should be used.
Flavors: r-devel-linux-x86_64-fedora-clang, r-devel-linux-x86_64-fedora-gcc
Version: 0.12
Check: LazyData
Result: NOTE
    'LazyData' is specified without a 'data' directory
Flavors: r-oldrel-macos-arm64, r-oldrel-macos-x86_64, r-oldrel-windows-x86_64