Last updated on 2025-07-20 01:49:28 CEST.
Flavor | Version | Tinstall | Tcheck | Ttotal | Status | Flags |
---|---|---|---|---|---|---|
r-devel-linux-x86_64-debian-clang | 1.1-21 | 1078.21 | 155.06 | 1233.27 | OK | |
r-devel-linux-x86_64-debian-gcc | 1.1-21 | 977.71 | 199.19 | 1176.90 | OK | |
r-devel-linux-x86_64-fedora-clang | 1.1-21 | 1789.92 | OK | |||
r-devel-linux-x86_64-fedora-gcc | 1.1-21 | 2660.05 | OK | |||
r-devel-windows-x86_64 | 1.1-21 | 1090.00 | 321.00 | 1411.00 | OK | |
r-patched-linux-x86_64 | 1.1-21 | 1300.47 | 259.24 | 1559.71 | OK | |
r-release-linux-x86_64 | 1.1-21 | 1284.00 | 265.54 | 1549.54 | OK | |
r-release-macos-arm64 | 1.1-21 | 860.00 | OK | |||
r-release-macos-x86_64 | 1.1-21 | 518.00 | OK | |||
r-release-windows-x86_64 | 1.1-21 | 1101.00 | 311.00 | 1412.00 | OK | |
r-oldrel-macos-arm64 | 1.1-21 | 539.00 | NOTE | |||
r-oldrel-macos-x86_64 | 1.1-21 | 517.00 | NOTE | |||
r-oldrel-windows-x86_64 | 1.1-21 | 1282.00 | 348.00 | 1630.00 | NOTE |
Version: 1.1-21
Check: installed package size
Result: NOTE
installed size is 12.1Mb
sub-directories of 1Mb or more:
libs 11.0Mb
Flavors: r-oldrel-macos-arm64, r-oldrel-macos-x86_64, r-oldrel-windows-x86_64
Version: 1.1-21
Check: for GNU extensions in Makefiles
Result: NOTE
GNU make is a SystemRequirements.
Flavors: r-oldrel-macos-arm64, r-oldrel-macos-x86_64, r-oldrel-windows-x86_64