Last updated on 2025-10-27 11:50:17 CET.
| Flavor | Version | Tinstall | Tcheck | Ttotal | Status | Flags |
|---|---|---|---|---|---|---|
| r-devel-linux-x86_64-debian-clang | 2.2.0 | 39.23 | 234.86 | 274.09 | NOTE | |
| r-devel-linux-x86_64-debian-gcc | 2.2.0 | 25.42 | 149.32 | 174.74 | NOTE | |
| r-devel-linux-x86_64-fedora-clang | 2.2.0 | 83.00 | 362.73 | 445.73 | NOTE | |
| r-devel-linux-x86_64-fedora-gcc | 2.2.0 | 220.00 | 202.45 | 422.45 | NOTE | |
| r-devel-windows-x86_64 | 2.2.0 | 47.00 | 227.00 | 274.00 | OK | |
| r-patched-linux-x86_64 | 2.2.0 | 42.39 | 215.39 | 257.78 | OK | |
| r-release-linux-x86_64 | 2.2.0 | 39.40 | 219.07 | 258.47 | OK | |
| r-release-macos-arm64 | 2.2.0 | 18.00 | 82.00 | 100.00 | OK | |
| r-release-macos-x86_64 | 2.2.0 | 38.00 | 163.00 | 201.00 | OK | |
| r-release-windows-x86_64 | 2.2.0 | 41.00 | 227.00 | 268.00 | OK | |
| r-oldrel-macos-arm64 | 2.2.0 | 20.00 | 72.00 | 92.00 | OK | |
| r-oldrel-macos-x86_64 | 2.2.0 | 35.00 | 98.00 | 133.00 | OK | |
| r-oldrel-windows-x86_64 | 2.2.0 | 60.00 | 299.00 | 359.00 | OK |
Version: 2.2.0
Check: Rd files
Result: NOTE
checkRd: (-1) fda.usc-package.Rd:132-134: Only 2 columns allowed in this table (row 7 has 1)
Flavors: r-devel-linux-x86_64-debian-clang, r-devel-linux-x86_64-debian-gcc, r-devel-linux-x86_64-fedora-clang, r-devel-linux-x86_64-fedora-gcc