Last updated on 2025-10-23 05:51:53 CEST.
Flavor | Version | Tinstall | Tcheck | Ttotal | Status | Flags |
---|---|---|---|---|---|---|
r-devel-linux-x86_64-debian-clang | 8.4.1.0 | 75.74 | 381.29 | 457.03 | NOTE | |
r-devel-linux-x86_64-debian-gcc | 8.4.1.0 | 43.08 | 233.45 | 276.53 | OK | |
r-devel-linux-x86_64-fedora-clang | 8.4.1.0 | 178.00 | 577.38 | 755.38 | OK | |
r-devel-linux-x86_64-fedora-gcc | 8.4.1.0 | 156.00 | 547.95 | 703.95 | OK | |
r-devel-windows-x86_64 | 8.4.1.0 | 69.00 | 389.00 | 458.00 | OK | |
r-patched-linux-x86_64 | 8.4.1.0 | 76.15 | 358.38 | 434.53 | OK | |
r-release-linux-x86_64 | 8.4.1.0 | 62.17 | 353.60 | 415.77 | OK | |
r-release-macos-arm64 | 8.4.1.0 | 30.00 | 165.00 | 195.00 | OK | |
r-release-macos-x86_64 | 8.4.1.0 | 51.00 | 255.00 | 306.00 | OK | |
r-release-windows-x86_64 | 8.4.1.0 | 73.00 | 388.00 | 461.00 | OK | |
r-oldrel-macos-arm64 | 8.4.1.0 | 25.00 | 138.00 | 163.00 | NOTE | |
r-oldrel-macos-x86_64 | 8.4.1.0 | 60.00 | 247.00 | 307.00 | NOTE | |
r-oldrel-windows-x86_64 | 8.4.1.0 | 99.00 | 502.00 | 601.00 | NOTE |
Version: 8.4.1.0
Check: HTML version of manual
Result: NOTE
Found the following HTML validation problems:
dot-maxVal.html:46:1 (dot-maxVal.Rd:10): Warning: missing </ul> before </div>
dot-minVal.html:46:1 (dot-minVal.Rd:10): Warning: missing </ul> before </div>
dot-nlevels.html:46:1 (dot-nlevels.Rd:10): Warning: missing </ul> before </div>
dot-plot.html:50:1 (dot-plot.Rd:12): Warning: missing </ul> before </div>
dot-zonal.html:66:1 (dot-zonal.Rd:20): Warning: missing </ul> before </div>
dot-zonalByVector.html:58:1 (dot-zonalByVector.Rd:16): Warning: missing </ul> before </div>
Flavor: r-devel-linux-x86_64-debian-clang
Version: 8.4.1.0
Check: installed package size
Result: NOTE
installed size is 6.2Mb
sub-directories of 1Mb or more:
R 3.1Mb
help 2.0Mb
Flavors: r-oldrel-macos-arm64, r-oldrel-macos-x86_64, r-oldrel-windows-x86_64