Last updated on 2025-10-24 18:49:54 CEST.
| Flavor | Version | Tinstall | Tcheck | Ttotal | Status | Flags | 
|---|---|---|---|---|---|---|
| r-devel-linux-x86_64-debian-clang | 0.16.2 | 190.37 | 122.22 | 312.59 | OK | |
| r-devel-linux-x86_64-debian-gcc | 0.16.2 | 140.01 | 93.17 | 233.18 | OK | |
| r-devel-linux-x86_64-fedora-clang | 0.16.2 | 453.00 | 83.53 | 536.53 | OK | |
| r-devel-linux-x86_64-fedora-gcc | 0.16.2 | 296.00 | 276.33 | 572.33 | OK | |
| r-devel-windows-x86_64 | 0.16.2 | 202.00 | 171.00 | 373.00 | OK | |
| r-patched-linux-x86_64 | 0.16.2 | 199.62 | 124.79 | 324.41 | OK | |
| r-release-linux-x86_64 | 0.16.2 | 206.08 | 123.00 | 329.08 | OK | |
| r-release-macos-arm64 | 0.16.2 | 83.00 | 57.00 | 140.00 | OK | |
| r-release-macos-x86_64 | 0.16.2 | 86.00 | 137.00 | 223.00 | OK | |
| r-release-windows-x86_64 | 0.16.2 | 238.00 | 170.00 | 408.00 | OK | |
| r-oldrel-macos-arm64 | 0.16.2 | 69.00 | 64.00 | 133.00 | NOTE | |
| r-oldrel-macos-x86_64 | 0.16.2 | 96.00 | 156.00 | 252.00 | NOTE | |
| r-oldrel-windows-x86_64 | 0.16.2 | 246.00 | 217.00 | 463.00 | NOTE | 
Version: 0.16.2
Check: installed package size
Result: NOTE
    installed size is 64.8Mb
    sub-directories of 1Mb or more:
      doc    2.4Mb
      help   1.8Mb
      libs  59.3Mb
Flavors: r-oldrel-macos-arm64, r-oldrel-macos-x86_64, r-oldrel-windows-x86_64