Last updated on 2025-11-18 20:49:33 CET.
| Flavor | Version | Tinstall | Tcheck | Ttotal | Status | Flags |
|---|---|---|---|---|---|---|
| r-devel-linux-x86_64-debian-clang | 2.2.1 | 13.27 | 91.83 | 105.10 | NOTE | |
| r-devel-linux-x86_64-debian-gcc | 2.2.1 | 10.44 | 68.56 | 79.00 | NOTE | |
| r-devel-linux-x86_64-fedora-clang | 2.2.1 | 24.00 | 135.94 | 159.94 | OK | |
| r-devel-linux-x86_64-fedora-gcc | 2.2.1 | 27.00 | 134.81 | 161.81 | OK | |
| r-devel-windows-x86_64 | 2.2.1 | 18.00 | 99.00 | 117.00 | OK | |
| r-patched-linux-x86_64 | 2.2.1 | 13.78 | 82.52 | 96.30 | OK | |
| r-release-linux-x86_64 | 2.2.1 | 12.10 | 82.35 | 94.45 | OK | |
| r-release-macos-arm64 | 2.2.1 | 7.00 | 57.00 | 64.00 | OK | |
| r-release-macos-x86_64 | 2.2.1 | 18.00 | 99.00 | 117.00 | OK | |
| r-release-windows-x86_64 | 2.2.1 | 14.00 | 100.00 | 114.00 | OK | |
| r-oldrel-macos-arm64 | 2.2.1 | 7.00 | 46.00 | 53.00 | OK | |
| r-oldrel-macos-x86_64 | 2.2.1 | 11.00 | 70.00 | 81.00 | OK | |
| r-oldrel-windows-x86_64 | 2.2.1 | 21.00 | 120.00 | 141.00 | OK |
Version: 2.2.1
Check: CRAN incoming feasibility
Result: NOTE
Maintainer: ‘Martin Skogholt <m.skogholt@gmail.com>’
No Authors@R field in DESCRIPTION.
Please add one, modifying
Authors@R: person(given = "Martin",
family = "Skogholt",
role = c("aut", "cre"),
email = "m.skogholt@gmail.com")
as necessary.
Flavors: r-devel-linux-x86_64-debian-clang, r-devel-linux-x86_64-debian-gcc