CRAN Package Check Results for Package ezmmek

Last updated on 2025-07-20 01:49:28 CEST.

Flavor Version Tinstall Tcheck Ttotal Status Flags
r-devel-linux-x86_64-debian-clang 0.2.4 2.26 41.31 43.57 OK
r-devel-linux-x86_64-debian-gcc 0.2.4 1.44 33.07 34.51 OK
r-devel-linux-x86_64-fedora-clang 0.2.4 64.73 OK
r-devel-linux-x86_64-fedora-gcc 0.2.4 76.09 OK
r-devel-windows-x86_64 0.2.4 4.00 56.00 60.00 OK
r-patched-linux-x86_64 0.2.4 1.91 39.29 41.20 OK
r-release-linux-x86_64 0.2.4 2.20 38.38 40.58 OK
r-release-macos-arm64 0.2.4 31.00 OK
r-release-macos-x86_64 0.2.4 61.00 OK
r-release-windows-x86_64 0.2.4 5.00 57.00 62.00 OK
r-oldrel-macos-arm64 0.2.4 27.00 NOTE
r-oldrel-macos-x86_64 0.2.4 46.00 NOTE
r-oldrel-windows-x86_64 0.2.4 4.00 67.00 71.00 NOTE

Check Details

Version: 0.2.4
Check: LazyData
Result: NOTE 'LazyData' is specified without a 'data' directory Flavors: r-oldrel-macos-arm64, r-oldrel-macos-x86_64, r-oldrel-windows-x86_64