Last updated on 2025-10-24 11:50:45 CEST.
| Flavor | Version | Tinstall | Tcheck | Ttotal | Status | Flags |
|---|---|---|---|---|---|---|
| r-devel-linux-x86_64-debian-clang | 1.0.2 | 10.69 | 102.41 | 113.10 | OK | |
| r-devel-linux-x86_64-debian-gcc | 1.0.2 | 6.92 | 68.49 | 75.41 | OK | |
| r-devel-linux-x86_64-fedora-clang | 1.0.2 | 41.00 | 139.92 | 180.92 | NOTE | |
| r-devel-linux-x86_64-fedora-gcc | 1.0.2 | 20.00 | 154.75 | 174.75 | NOTE | |
| r-devel-windows-x86_64 | 1.0.2 | 12.00 | 110.00 | 122.00 | OK | |
| r-patched-linux-x86_64 | 1.0.2 | 9.02 | 93.38 | 102.40 | OK | |
| r-release-linux-x86_64 | 1.0.2 | 8.56 | 92.18 | 100.74 | OK | |
| r-release-macos-arm64 | 1.0.2 | 3.00 | 46.00 | 49.00 | OK | |
| r-release-macos-x86_64 | 1.0.2 | 6.00 | 75.00 | 81.00 | OK | |
| r-release-windows-x86_64 | 1.0.2 | 12.00 | 111.00 | 123.00 | OK | |
| r-oldrel-macos-arm64 | 1.0.2 | 3.00 | 38.00 | 41.00 | OK | |
| r-oldrel-macos-x86_64 | 1.0.2 | 6.00 | 56.00 | 62.00 | OK | |
| r-oldrel-windows-x86_64 | 1.0.2 | 17.00 | 141.00 | 158.00 | OK |
Version: 1.0.2
Check: dependencies in R code
Result: NOTE
Namespace in Imports field not imported from: ‘ggpmisc’
All declared Imports should be used.
Flavors: r-devel-linux-x86_64-fedora-clang, r-devel-linux-x86_64-fedora-gcc