Last updated on 2025-10-25 06:49:40 CEST.
| Flavor | Version | Tinstall | Tcheck | Ttotal | Status | Flags |
|---|---|---|---|---|---|---|
| r-devel-linux-x86_64-debian-clang | 0.10.0 | 74.18 | 368.48 | 442.66 | NOTE | |
| r-devel-linux-x86_64-debian-gcc | 0.10.0 | 52.12 | 235.33 | 287.45 | NOTE | |
| r-devel-linux-x86_64-fedora-clang | 0.10.0 | 210.00 | 548.48 | 758.48 | NOTE | |
| r-devel-linux-x86_64-fedora-gcc | 0.10.0 | 162.00 | 531.20 | 693.20 | NOTE | |
| r-devel-windows-x86_64 | 0.10.0 | 82.00 | 324.00 | 406.00 | NOTE | |
| r-patched-linux-x86_64 | 0.10.0 | 75.46 | 348.35 | 423.81 | NOTE | |
| r-release-linux-x86_64 | 0.10.0 | 78.75 | 349.15 | 427.90 | NOTE | |
| r-release-macos-arm64 | 0.10.0 | 40.00 | 165.00 | 205.00 | NOTE | |
| r-release-macos-x86_64 | 0.10.0 | 58.00 | 376.00 | 434.00 | NOTE | |
| r-release-windows-x86_64 | 0.10.0 | 83.00 | 333.00 | 416.00 | NOTE | |
| r-oldrel-macos-arm64 | 0.10.0 | 44.00 | 146.00 | 190.00 | NOTE | |
| r-oldrel-macos-x86_64 | 0.10.0 | 43.00 | 254.00 | 297.00 | NOTE | |
| r-oldrel-windows-x86_64 | 0.10.0 | 106.00 | 477.00 | 583.00 | NOTE |
Version: 0.10.0
Check: C++ specification
Result: NOTE
Specified C++14: please drop specification unless essential
Flavors: r-devel-linux-x86_64-debian-clang, r-devel-linux-x86_64-debian-gcc, r-devel-linux-x86_64-fedora-clang, r-devel-linux-x86_64-fedora-gcc, r-devel-windows-x86_64, r-patched-linux-x86_64, r-release-linux-x86_64, r-release-macos-arm64, r-release-macos-x86_64, r-release-windows-x86_64, r-oldrel-macos-arm64, r-oldrel-macos-x86_64, r-oldrel-windows-x86_64
Version: 0.10.0
Check: installed package size
Result: NOTE
installed size is 7.5Mb
sub-directories of 1Mb or more:
libs 6.6Mb
Flavors: r-oldrel-macos-arm64, r-oldrel-macos-x86_64