Last updated on 2025-11-16 12:49:29 CET.
| Flavor | Version | Tinstall | Tcheck | Ttotal | Status | Flags |
|---|---|---|---|---|---|---|
| r-devel-linux-x86_64-debian-clang | 0.5.1 | 37.78 | 165.22 | 203.00 | NOTE | |
| r-devel-linux-x86_64-debian-gcc | 0.5.1 | 22.00 | 113.49 | 135.49 | NOTE | |
| r-devel-linux-x86_64-fedora-clang | 0.5.1 | 83.00 | 257.06 | 340.06 | OK | |
| r-devel-linux-x86_64-fedora-gcc | 0.5.1 | 169.00 | 181.57 | 350.57 | OK | |
| r-devel-windows-x86_64 | 0.5.1 | 38.00 | 146.00 | 184.00 | OK | |
| r-patched-linux-x86_64 | 0.5.1 | 36.91 | 162.78 | 199.69 | OK | |
| r-release-linux-x86_64 | 0.5.1 | 39.32 | 163.05 | 202.37 | OK | |
| r-release-macos-arm64 | 0.5.1 | 12.00 | 49.00 | 61.00 | OK | |
| r-release-macos-x86_64 | 0.5.1 | 33.00 | 116.00 | 149.00 | OK | |
| r-release-windows-x86_64 | 0.5.1 | 35.00 | 146.00 | 181.00 | OK | |
| r-oldrel-macos-arm64 | 0.5.1 | 12.00 | 48.00 | 60.00 | OK | |
| r-oldrel-macos-x86_64 | 0.5.1 | 31.00 | 100.00 | 131.00 | OK | |
| r-oldrel-windows-x86_64 | 0.5.1 | 54.00 | 193.00 | 247.00 | OK |
Version: 0.5.1
Check: CRAN incoming feasibility
Result: NOTE
Maintainer: ‘Andreas Schulz <ades-s@web.de>’
No Authors@R field in DESCRIPTION.
Please add one, modifying
Authors@R: person(given = "Andreas",
family = "Schulz",
role = c("aut", "cre"),
email = "ades-s@web.de")
as necessary.
Flavors: r-devel-linux-x86_64-debian-clang, r-devel-linux-x86_64-debian-gcc