Last updated on 2025-11-04 09:49:56 CET.
| Flavor | Version | Tinstall | Tcheck | Ttotal | Status | Flags | 
|---|---|---|---|---|---|---|
| r-devel-linux-x86_64-debian-clang | 1.1 | 7.31 | 63.52 | 70.83 | NOTE | |
| r-devel-linux-x86_64-debian-gcc | 1.1 | 5.54 | 46.38 | 51.92 | NOTE | |
| r-devel-linux-x86_64-fedora-clang | 1.1 | 15.00 | 92.30 | 107.30 | OK | |
| r-devel-linux-x86_64-fedora-gcc | 1.1 | 16.00 | 88.17 | 104.17 | OK | |
| r-devel-windows-x86_64 | 1.1 | 8.00 | 73.00 | 81.00 | OK | |
| r-patched-linux-x86_64 | 1.1 | 6.09 | 59.62 | 65.71 | OK | |
| r-release-linux-x86_64 | 1.1 | 5.48 | 59.23 | 64.71 | OK | |
| r-release-macos-arm64 | 1.1 | 4.00 | 35.00 | 39.00 | OK | |
| r-release-macos-x86_64 | 1.1 | 14.00 | 101.00 | 115.00 | OK | |
| r-release-windows-x86_64 | 1.1 | 8.00 | 72.00 | 80.00 | OK | |
| r-oldrel-macos-arm64 | 1.1 | 4.00 | 31.00 | 35.00 | NOTE | |
| r-oldrel-macos-x86_64 | 1.1 | 5.00 | 43.00 | 48.00 | NOTE | |
| r-oldrel-windows-x86_64 | 1.1 | 12.00 | 81.00 | 93.00 | NOTE | 
Version: 1.1
Check: CRAN incoming feasibility
Result: NOTE
  Maintainer: ‘Pi Guo <guopi.01@163.com>’
  
  No Authors@R field in DESCRIPTION.
  Please add one, modifying
    Authors@R: person(given = "Pi",
                      family = "Guo",
                      role = c("aut", "cre"),
                      email = "guopi.01@163.com")
  as necessary.
Flavors: r-devel-linux-x86_64-debian-clang, r-devel-linux-x86_64-debian-gcc
Version: 1.1
Check: LazyData
Result: NOTE
    'LazyData' is specified without a 'data' directory
Flavors: r-oldrel-macos-arm64, r-oldrel-macos-x86_64, r-oldrel-windows-x86_64