Last updated on 2025-07-28 07:50:29 CEST.
Flavor | Version | Tinstall | Tcheck | Ttotal | Status | Flags |
---|---|---|---|---|---|---|
r-devel-linux-x86_64-debian-clang | 0.1.0 | 4.41 | 227.68 | 232.09 | NOTE | |
r-devel-linux-x86_64-debian-gcc | 0.1.0 | 3.21 | 179.09 | 182.30 | NOTE | |
r-devel-linux-x86_64-fedora-clang | 0.1.0 | 346.43 | NOTE | |||
r-devel-linux-x86_64-fedora-gcc | 0.1.0 | 362.94 | NOTE | |||
r-devel-windows-x86_64 | 0.1.0 | 7.00 | 238.00 | 245.00 | NOTE | |
r-patched-linux-x86_64 | 0.1.0 | 5.22 | 221.38 | 226.60 | NOTE | |
r-release-linux-x86_64 | 0.1.0 | 4.70 | 221.66 | 226.36 | NOTE | |
r-release-macos-arm64 | 0.1.0 | 183.00 | NOTE | |||
r-release-macos-x86_64 | 0.1.0 | 438.00 | NOTE | |||
r-release-windows-x86_64 | 0.1.0 | 6.00 | 245.00 | 251.00 | NOTE | |
r-oldrel-macos-arm64 | 0.1.0 | 167.00 | NOTE | |||
r-oldrel-macos-x86_64 | 0.1.0 | 380.00 | NOTE | |||
r-oldrel-windows-x86_64 | 0.1.0 | 9.00 | 298.00 | 307.00 | NOTE |
Version: 0.1.0
Check: Rd files
Result: NOTE
checkRd: (-1) eesim.Rd:148-151: Lost braces in \itemize; \value handles \item{}{} directly
checkRd: (-1) eesim.Rd:152-155: Lost braces in \itemize; \value handles \item{}{} directly
checkRd: (-1) eesim.Rd:156-158: Lost braces in \itemize; \value handles \item{}{} directly
Flavors: r-devel-linux-x86_64-debian-clang, r-devel-linux-x86_64-debian-gcc, r-devel-linux-x86_64-fedora-clang, r-devel-linux-x86_64-fedora-gcc, r-devel-windows-x86_64, r-patched-linux-x86_64, r-release-linux-x86_64, r-release-macos-arm64, r-release-macos-x86_64, r-release-windows-x86_64, r-oldrel-macos-arm64, r-oldrel-macos-x86_64, r-oldrel-windows-x86_64
Version: 0.1.0
Check: LazyData
Result: NOTE
'LazyData' is specified without a 'data' directory
Flavors: r-oldrel-macos-arm64, r-oldrel-macos-x86_64, r-oldrel-windows-x86_64