CRAN Package Check Results for Package echo.find

Last updated on 2025-11-15 18:48:40 CET.

Flavor Version Tinstall Tcheck Ttotal Status Flags
r-devel-linux-x86_64-debian-clang 4.0.1 2.98 34.41 37.39 NOTE
r-devel-linux-x86_64-debian-gcc 4.0.1 2.32 26.25 28.57 NOTE
r-devel-linux-x86_64-fedora-clang 4.0.1 58.20 OK
r-devel-linux-x86_64-fedora-gcc 4.0.1 69.66 OK
r-devel-windows-x86_64 4.0.1 7.00 48.00 55.00 OK
r-patched-linux-x86_64 4.0.1 2.62 32.40 35.02 OK
r-release-linux-x86_64 4.0.1 2.54 32.28 34.82 OK
r-release-macos-arm64 4.0.1 2.00 24.00 26.00 OK
r-release-macos-x86_64 4.0.1 3.00 47.00 50.00 OK
r-release-windows-x86_64 4.0.1 7.00 49.00 56.00 OK
r-oldrel-macos-arm64 4.0.1 2.00 21.00 23.00 OK
r-oldrel-macos-x86_64 4.0.1 2.00 38.00 40.00 OK
r-oldrel-windows-x86_64 4.0.1 5.00 56.00 61.00 OK

Check Details

Version: 4.0.1
Check: CRAN incoming feasibility
Result: NOTE Maintainer: ‘Jennifer Hurley <hurlej2@rpi.edu>’ Package CITATION file contains call(s) to old-style personList() or as.personList(). Please use c() on person objects instead. Package CITATION file contains call(s) to old-style citEntry(). Please use bibentry() instead. Flavors: r-devel-linux-x86_64-debian-clang, r-devel-linux-x86_64-debian-gcc