Last updated on 2025-07-17 05:49:47 CEST.
Flavor | Version | Tinstall | Tcheck | Ttotal | Status | Flags |
---|---|---|---|---|---|---|
r-devel-linux-x86_64-debian-clang | 0.11.0 | 13.05 | 328.47 | 341.52 | NOTE | |
r-devel-linux-x86_64-debian-gcc | 0.11.0 | 9.74 | 189.55 | 199.29 | NOTE | |
r-devel-linux-x86_64-fedora-clang | 0.11.0 | 525.09 | OK | |||
r-devel-linux-x86_64-fedora-gcc | 0.11.0 | 446.57 | OK | |||
r-devel-windows-x86_64 | 0.11.0 | 15.00 | 257.00 | 272.00 | OK | |
r-patched-linux-x86_64 | 0.11.0 | 13.40 | 254.96 | 268.36 | OK | |
r-release-linux-x86_64 | 0.11.0 | 11.53 | 255.97 | 267.50 | OK | |
r-release-macos-arm64 | 0.11.0 | 178.00 | OK | |||
r-release-macos-x86_64 | 0.11.0 | 333.00 | OK | |||
r-release-windows-x86_64 | 0.11.0 | 15.00 | 255.00 | 270.00 | OK | |
r-oldrel-macos-arm64 | 0.11.0 | 178.00 | OK | |||
r-oldrel-macos-x86_64 | 0.11.0 | 229.00 | OK | |||
r-oldrel-windows-x86_64 | 0.11.0 | 22.00 | 335.00 | 357.00 | OK |
Version: 0.11.0
Check: CRAN incoming feasibility
Result: NOTE
Maintainer: ‘Teemu Daniel Laajala <teelaa@utu.fi>’
No Authors@R field in DESCRIPTION.
Please add one, modifying
Authors@R: c(person(given = c("Teemu", "Daniel"),
family = "Laajala",
role = c("aut", "cre"),
email = "teelaa@utu.fi"),
person(given = "Mika",
family = "Murtojarvi",
role = "ctb",
email = "mianmu2@hotmail.com"))
as necessary.
Flavors: r-devel-linux-x86_64-debian-clang, r-devel-linux-x86_64-debian-gcc