Last updated on 2025-10-31 01:48:56 CET.
| Flavor | Version | Tinstall | Tcheck | Ttotal | Status | Flags | 
|---|---|---|---|---|---|---|
| r-devel-linux-x86_64-debian-clang | 1.0 | 40.64 | 323.97 | 364.61 | OK | |
| r-devel-linux-x86_64-debian-gcc | 1.0 | 28.85 | 193.54 | 222.39 | OK | |
| r-devel-linux-x86_64-fedora-clang | 1.0 | 71.00 | 632.40 | 703.40 | OK | |
| r-devel-linux-x86_64-fedora-gcc | 1.0 | 93.00 | 601.41 | 694.41 | OK | |
| r-devel-windows-x86_64 | 1.0 | 45.00 | 297.00 | 342.00 | OK | |
| r-patched-linux-x86_64 | 1.0 | 41.63 | 365.55 | 407.18 | OK | |
| r-release-linux-x86_64 | 1.0 | 38.60 | 360.52 | 399.12 | OK | |
| r-release-macos-arm64 | 1.0 | 18.00 | 123.00 | 141.00 | OK | |
| r-release-macos-x86_64 | 1.0 | 34.00 | 321.00 | 355.00 | OK | |
| r-release-windows-x86_64 | 1.0 | 44.00 | 301.00 | 345.00 | OK | |
| r-oldrel-macos-arm64 | 1.0 | 16.00 | 133.00 | 149.00 | NOTE | |
| r-oldrel-macos-x86_64 | 1.0 | 27.00 | 327.00 | 354.00 | NOTE | |
| r-oldrel-windows-x86_64 | 1.0 | 56.00 | 451.00 | 507.00 | OK | 
Version: 1.0
Check: installed package size
Result: NOTE
    installed size is  6.1Mb
    sub-directories of 1Mb or more:
      data   1.6Mb
      libs   4.3Mb
Flavors: r-oldrel-macos-arm64, r-oldrel-macos-x86_64