Last updated on 2025-07-21 20:50:00 CEST.
Flavor | Version | Tinstall | Tcheck | Ttotal | Status | Flags |
---|---|---|---|---|---|---|
r-devel-linux-x86_64-debian-clang | 0.3.3 | 473.07 | 137.14 | 610.21 | OK | |
r-devel-linux-x86_64-debian-gcc | 0.3.3 | 426.09 | 128.82 | 554.91 | OK | |
r-devel-linux-x86_64-fedora-clang | 0.3.3 | 988.19 | OK | |||
r-devel-linux-x86_64-fedora-gcc | 0.3.3 | 1255.34 | OK | |||
r-devel-windows-x86_64 | 0.3.3 | 505.00 | 189.00 | 694.00 | OK | |
r-patched-linux-x86_64 | 0.3.3 | 561.98 | 174.50 | 736.48 | OK | |
r-release-linux-x86_64 | 0.3.3 | 575.44 | 175.74 | 751.18 | OK | |
r-release-macos-arm64 | 0.3.3 | 208.00 | OK | |||
r-release-macos-x86_64 | 0.3.3 | 260.00 | OK | |||
r-release-windows-x86_64 | 0.3.3 | 494.00 | 190.00 | 684.00 | OK | |
r-oldrel-macos-arm64 | 0.3.3 | 243.00 | NOTE | |||
r-oldrel-macos-x86_64 | 0.3.3 | 249.00 | NOTE | |||
r-oldrel-windows-x86_64 | 0.3.3 | 578.00 | 233.00 | 811.00 | NOTE |
Version: 0.3.3
Check: installed package size
Result: NOTE
installed size is 95.4Mb
sub-directories of 1Mb or more:
help 2.7Mb
libs 92.3Mb
Flavors: r-oldrel-macos-arm64, r-oldrel-macos-x86_64, r-oldrel-windows-x86_64
Version: 0.3.3
Check: for GNU extensions in Makefiles
Result: NOTE
GNU make is a SystemRequirements.
Flavors: r-oldrel-macos-arm64, r-oldrel-macos-x86_64, r-oldrel-windows-x86_64