Last updated on 2025-11-21 21:49:39 CET.
| Flavor | Version | Tinstall | Tcheck | Ttotal | Status | Flags |
|---|---|---|---|---|---|---|
| r-devel-linux-x86_64-debian-clang | 0.2-9.6 | 2.12 | 26.72 | 28.84 | NOTE | |
| r-devel-linux-x86_64-debian-gcc | 0.2-9.6 | 1.78 | 21.53 | 23.31 | NOTE | |
| r-devel-linux-x86_64-fedora-clang | 0.2-9.6 | 43.21 | OK | |||
| r-devel-linux-x86_64-fedora-gcc | 0.2-9.6 | 40.92 | OK | |||
| r-devel-windows-x86_64 | 0.2-9.6 | 5.00 | 44.00 | 49.00 | OK | |
| r-patched-linux-x86_64 | 0.2-9.6 | 1.98 | 25.31 | 27.29 | OK | |
| r-release-linux-x86_64 | 0.2-9.6 | 2.39 | 25.21 | 27.60 | OK | |
| r-release-macos-arm64 | 0.2-9.6 | OK | ||||
| r-release-macos-x86_64 | 0.2-9.6 | 2.00 | 27.00 | 29.00 | OK | |
| r-release-windows-x86_64 | 0.2-9.6 | 4.00 | 43.00 | 47.00 | OK | |
| r-oldrel-macos-arm64 | 0.2-9.6 | OK | ||||
| r-oldrel-macos-x86_64 | 0.2-9.6 | 2.00 | 24.00 | 26.00 | OK | |
| r-oldrel-windows-x86_64 | 0.2-9.6 | 4.00 | 49.00 | 53.00 | OK |
Version: 0.2-9.6
Check: CRAN incoming feasibility
Result: NOTE
Maintainer: ‘M. Leeds <markleeds2@gmail.com>’
No Authors@R field in DESCRIPTION.
Please add one, modifying
Authors@R: c(person(given = "G.",
family = "Grothendieck",
role = "aut"),
person(given = "M.",
family = "Leeds",
role = "cre",
email = "markleeds2@gmail.com"))
as necessary.
Flavors: r-devel-linux-x86_64-debian-clang, r-devel-linux-x86_64-debian-gcc