Last updated on 2025-10-24 18:49:53 CEST.
| Flavor | Version | Tinstall | Tcheck | Ttotal | Status | Flags |
|---|---|---|---|---|---|---|
| r-devel-linux-x86_64-debian-clang | 1.0.0 | 1.35 | 22.23 | 23.58 | OK | |
| r-devel-linux-x86_64-debian-gcc | 1.0.0 | 1.24 | 18.50 | 19.74 | OK | |
| r-devel-linux-x86_64-fedora-clang | 1.0.0 | 33.13 | OK | |||
| r-devel-linux-x86_64-fedora-gcc | 1.0.0 | 31.24 | OK | |||
| r-devel-windows-x86_64 | 1.0.0 | 2.00 | 51.00 | 53.00 | OK | |
| r-patched-linux-x86_64 | 1.0.0 | 1.73 | 19.82 | 21.55 | OK | |
| r-release-linux-x86_64 | 1.0.0 | 1.28 | 20.20 | 21.48 | OK | |
| r-release-macos-arm64 | 1.0.0 | 1.00 | 17.00 | 18.00 | OK | |
| r-release-macos-x86_64 | 1.0.0 | 1.00 | 24.00 | 25.00 | OK | |
| r-release-windows-x86_64 | 1.0.0 | 3.00 | 46.00 | 49.00 | OK | |
| r-oldrel-macos-arm64 | 1.0.0 | 1.00 | 15.00 | 16.00 | NOTE | |
| r-oldrel-macos-x86_64 | 1.0.0 | 1.00 | 25.00 | 26.00 | NOTE | |
| r-oldrel-windows-x86_64 | 1.0.0 | 3.00 | 47.00 | 50.00 | NOTE |
Version: 1.0.0
Check: LazyData
Result: NOTE
'LazyData' is specified without a 'data' directory
Flavors: r-oldrel-macos-arm64, r-oldrel-macos-x86_64, r-oldrel-windows-x86_64