Last updated on 2025-11-26 17:49:51 CET.
| Flavor | Version | Tinstall | Tcheck | Ttotal | Status | Flags |
|---|---|---|---|---|---|---|
| r-devel-linux-x86_64-debian-clang | 0.1.1 | 22.84 | 220.36 | 243.20 | NOTE | |
| r-devel-linux-x86_64-debian-gcc | 0.1.1 | 13.27 | 186.34 | 199.61 | NOTE | |
| r-devel-linux-x86_64-fedora-clang | 0.1.1 | 41.00 | 315.25 | 356.25 | NOTE | |
| r-devel-linux-x86_64-fedora-gcc | 0.1.1 | 40.00 | 327.54 | 367.54 | NOTE | |
| r-devel-windows-x86_64 | 0.1.1 | 56.00 | 296.00 | 352.00 | NOTE | |
| r-patched-linux-x86_64 | 0.1.1 | 16.16 | 242.77 | 258.93 | NOTE | |
| r-release-linux-x86_64 | 0.1.1 | 16.77 | 241.91 | 258.68 | NOTE | |
| r-release-macos-arm64 | 0.1.1 | NOTE | ||||
| r-release-macos-x86_64 | 0.1.1 | 11.00 | 320.00 | 331.00 | NOTE | |
| r-release-windows-x86_64 | 0.1.1 | 37.00 | 288.00 | 325.00 | NOTE | |
| r-oldrel-macos-arm64 | 0.1.1 | OK | ||||
| r-oldrel-macos-x86_64 | 0.1.1 | 11.00 | 265.00 | 276.00 | OK | |
| r-oldrel-windows-x86_64 | 0.1.1 | 46.00 | 347.00 | 393.00 | OK |
Version: 0.1.1
Check: compiled code
Result: NOTE
File ‘dsdp/libs/dsdp.so’:
Found non-API call to R: ‘Rf_allocSExp’
Compiled code should not call non-API entry points in R.
See ‘Writing portable packages’ in the ‘Writing R Extensions’ manual,
and section ‘Moving into C API compliance’ for issues with the use of
non-API entry points.
Flavors: r-devel-linux-x86_64-debian-clang, r-devel-linux-x86_64-debian-gcc, r-devel-linux-x86_64-fedora-clang, r-devel-linux-x86_64-fedora-gcc, r-patched-linux-x86_64, r-release-linux-x86_64, r-release-macos-arm64, r-release-macos-x86_64
Version: 0.1.1
Check: compiled code
Result: NOTE
File 'dsdp/libs/x64/dsdp.dll':
Found non-API call to R: 'Rf_allocSExp'
Compiled code should not call non-API entry points in R.
See 'Writing portable packages' in the 'Writing R Extensions' manual,
and section 'Moving into C API compliance' for issues with the use of
non-API entry points.
Flavors: r-devel-windows-x86_64, r-release-windows-x86_64