Last updated on 2025-11-06 15:50:06 CET.
| Flavor | Version | Tinstall | Tcheck | Ttotal | Status | Flags |
|---|---|---|---|---|---|---|
| r-devel-linux-x86_64-debian-clang | 1.0.2 | 27.17 | 379.50 | 406.67 | OK | |
| r-devel-linux-x86_64-debian-gcc | 1.0.2 | 16.17 | 228.12 | 244.29 | OK | |
| r-devel-linux-x86_64-fedora-clang | 1.0.2 | 150.00 | 577.90 | 727.90 | OK | |
| r-devel-linux-x86_64-fedora-gcc | 1.0.2 | 214.00 | 488.20 | 702.20 | ERROR | |
| r-devel-windows-x86_64 | 1.0.2 | 32.00 | 430.00 | 462.00 | OK | |
| r-patched-linux-x86_64 | 1.0.2 | 31.20 | 353.95 | 385.15 | OK | |
| r-release-linux-x86_64 | 1.0.2 | 26.60 | 354.44 | 381.04 | OK | |
| r-release-macos-arm64 | 1.0.2 | 13.00 | 253.00 | 266.00 | OK | |
| r-release-macos-x86_64 | 1.0.2 | 46.00 | 536.00 | 582.00 | OK | |
| r-release-windows-x86_64 | 1.0.2 | 30.00 | 421.00 | 451.00 | OK | |
| r-oldrel-macos-arm64 | 1.0.2 | 11.00 | 198.00 | 209.00 | OK | |
| r-oldrel-macos-x86_64 | 1.0.2 | 40.00 | 521.00 | 561.00 | OK | |
| r-oldrel-windows-x86_64 | 1.0.2 | 40.00 | 599.00 | 639.00 | OK |
Version: 1.0.2
Check: tests
Result: ERROR
Running ‘testthat.R’ [4m/40m]
Running the tests in ‘tests/testthat.R’ failed.
Complete output:
> # This file is part of the standard setup for testthat.
> # It is recommended that you do not modify it.
> #
> # Where should you do additional test configuration?
> # Learn more about the roles of various files in:
> # * https://r-pkgs.org/tests.html
> # * https://testthat.r-lib.org/reference/test_package.html#special-files
>
> library(testthat)
> library(drugdevelopR)
Loading required package: doParallel
Loading required package: foreach
Loading required package: iterators
Loading required package: parallel
>
> test_check("drugdevelopR")
Starting 2 test processes
[ FAIL 0 | WARN 0 | SKIP 83 | PASS 91 ]
══ Skipped tests (83) ══════════════════════════════════════════════════════════
• On CRAN (83): 'test-functions_multiple_normal.R:2:3',
'test-functions_multiple_normal.R:23:3', 'test-functions_multiple_tte.R:4:3',
'test-functions_multiple_tte.R:25:3', 'test-functions_multiple_tte.R:34:3',
'test-functions_multiple_tte.R:49:3', 'test-functions_multiple_tte.R:56:3',
'test-functions_multitrial.R:4:3', 'test-functions_multitrial.R:20:3',
'test-functions_multitrial.R:36:3', 'test-functions_multitrial.R:46:3',
'test-functions_multitrial.R:53:3', 'test-functions_multitrial.R:66:3',
'test-functions_multitrial.R:82:3', 'test-functions_multitrial.R:98:3',
'test-functions_multitrial.R:108:3', 'test-functions_multitrial.R:118:3',
'test-functions_multitrial.R:125:3', 'test-functions_multitrial.R:132:3',
'test-functions_multitrial.R:141:3', 'test-functions_multitrial.R:157:3',
'test-functions_multitrial.R:176:3', 'test-functions_multitrial.R:182:3',
'test-functions_multitrial.R:189:3', 'test-functions_multitrial.R:199:3',
'test-functions_multitrial_binary.R:4:3',
'test-functions_multitrial_binary.R:22:3',
'test-functions_multitrial_binary.R:40:3',
'test-functions_multitrial_binary.R:53:3',
'test-functions_multitrial_binary.R:71:3',
'test-functions_multitrial_binary.R:89:3',
'test-functions_multitrial_binary.R:97:3',
'test-functions_multitrial_binary.R:105:3',
'test-functions_multitrial_binary.R:115:3',
'test-functions_multitrial_binary.R:133:3',
'test-functions_multitrial_binary.R:144:3',
'test-functions_multitrial_binary.R:156:3',
'test-functions_multitrial_binary.R:170:3',
'test-functions_multitrial_normal.R:4:3',
'test-functions_multitrial_normal.R:22:3',
'test-functions_multitrial_normal.R:40:3',
'test-functions_multitrial_normal.R:53:3',
'test-functions_multitrial_normal.R:71:3',
'test-functions_multitrial_normal.R:89:3',
'test-functions_multitrial_normal.R:101:3',
'test-functions_multitrial_normal.R:113:3',
'test-functions_multitrial_normal.R:149:3',
'test-functions_multitrial_normal.R:169:3', 'test-optimal_bias.R:2:3',
'test-optimal_bias.R:19:3', 'test-optimal_bias.R:36:3',
'test-optimal_bias.R:53:3', 'test-optimal_bias.R:70:3',
'test-optimal_bias_binary.R:2:3', 'test-optimal_bias_binary.R:18:3',
'test-optimal_bias_binary.R:34:3', 'test-optimal_bias_normal.R:2:3',
'test-optimal_bias_normal.R:18:3', 'test-optimal_bias_normal.R:34:3',
'test-optimal_binary.R:2:3', 'test-optimal_binary.R:18:3',
'test-optimal_binary.R:34:3', 'test-optimal_binary.R:49:3',
'test-optimal_multiarm.R:2:3', 'test-optimal_multiarm_binary.R:2:3',
'test-optimal_multiarm_normal.R:2:3', 'test-optimal_multiple_normal.R:2:3',
'test-optimal_multiple_tte.R:2:3', 'test-optimal_multitrial.R:2:3',
'test-optimal_multitrial.R:19:3', 'test-optimal_multitrial.R:34:3',
'test-optimal_multitrial.R:49:3', 'test-optimal_multitrial.R:64:3',
'test-optimal_multitrial_binary.R:2:3',
'test-optimal_multitrial_binary.R:16:3',
'test-optimal_multitrial_binary.R:30:3',
'test-optimal_multitrial_normal.R:2:3', 'test-optimal_normal.R:2:3',
'test-optimal_normal.R:18:3', 'test-optimal_normal.R:33:3',
'test-optimal_tte.R:2:3', 'test-optimal_tte.R:17:3',
'test-optimal_tte.R:32:3'
[ FAIL 0 | WARN 0 | SKIP 83 | PASS 91 ]
Error: Failed to send signal to: 2440474 (???)
Execution halted
Flavor: r-devel-linux-x86_64-fedora-gcc