Last updated on 2025-10-26 11:50:37 CET.
| Flavor | Version | Tinstall | Tcheck | Ttotal | Status | Flags |
|---|---|---|---|---|---|---|
| r-devel-linux-x86_64-debian-clang | 1.0.1 | 11.17 | 94.66 | 105.83 | NOTE | |
| r-devel-linux-x86_64-debian-gcc | 1.0.1 | 8.44 | 70.28 | 78.72 | NOTE | |
| r-devel-linux-x86_64-fedora-clang | 1.0.1 | 32.00 | 136.76 | 168.76 | OK | |
| r-devel-linux-x86_64-fedora-gcc | 1.0.1 | 21.00 | 132.92 | 153.92 | OK | |
| r-devel-windows-x86_64 | 1.0.1 | 11.00 | 90.00 | 101.00 | OK | |
| r-patched-linux-x86_64 | 1.0.1 | 10.51 | 86.60 | 97.11 | OK | |
| r-release-linux-x86_64 | 1.0.1 | 10.10 | 86.21 | 96.31 | OK | |
| r-release-macos-arm64 | 1.0.1 | 6.00 | 43.00 | 49.00 | OK | |
| r-release-macos-x86_64 | 1.0.1 | 8.00 | 73.00 | 81.00 | OK | |
| r-release-windows-x86_64 | 1.0.1 | 13.00 | 90.00 | 103.00 | OK | |
| r-oldrel-macos-arm64 | 1.0.1 | 5.00 | 41.00 | 46.00 | OK | |
| r-oldrel-macos-x86_64 | 1.0.1 | 7.00 | 59.00 | 66.00 | OK | |
| r-oldrel-windows-x86_64 | 1.0.1 | 15.00 | 114.00 | 129.00 | OK |
Version: 1.0.1
Check: CRAN incoming feasibility
Result: NOTE
Maintainer: ‘Kubra Atalay Kabasakal <katalay@hacettepe.edu.tr>’
Package CITATION file contains call(s) to old-style citEntry(). Please
use bibentry() instead.
Flavors: r-devel-linux-x86_64-debian-clang, r-devel-linux-x86_64-debian-gcc