Last updated on 2025-11-15 00:50:16 CET.
| Flavor | Version | Tinstall | Tcheck | Ttotal | Status | Flags |
|---|---|---|---|---|---|---|
| r-devel-linux-x86_64-debian-clang | 1.7.8 | 28.69 | 218.86 | 247.55 | NOTE | |
| r-devel-linux-x86_64-debian-gcc | 1.7.8 | 19.33 | 145.19 | 164.52 | NOTE | |
| r-devel-linux-x86_64-fedora-clang | 1.7.8 | 65.00 | 334.52 | 399.52 | OK | |
| r-devel-linux-x86_64-fedora-gcc | 1.7.8 | 134.00 | 279.98 | 413.98 | OK | |
| r-devel-windows-x86_64 | 1.7.8 | 49.00 | 224.00 | 273.00 | NOTE | |
| r-patched-linux-x86_64 | 1.7.8 | 31.73 | 206.05 | 237.78 | OK | |
| r-release-linux-x86_64 | 1.7.8 | 26.64 | 207.39 | 234.03 | OK | |
| r-release-macos-arm64 | 1.7.8 | 16.00 | 92.00 | 108.00 | OK | |
| r-release-macos-x86_64 | 1.7.8 | 28.00 | 190.00 | 218.00 | OK | |
| r-release-windows-x86_64 | 1.7.8 | 40.00 | 226.00 | 266.00 | OK | |
| r-oldrel-macos-arm64 | 1.7.8 | 15.00 | 90.00 | 105.00 | OK | |
| r-oldrel-macos-x86_64 | 1.7.8 | 24.00 | 189.00 | 213.00 | OK | |
| r-oldrel-windows-x86_64 | 1.7.8 | 54.00 | 288.00 | 342.00 | OK |
Version: 1.7.8
Check: Rd files
Result: NOTE
checkRd: (-1) csv2rwl.Rd:20-30: Only 5 columns allowed in this table (row 9 has 1)
Flavors: r-devel-linux-x86_64-debian-clang, r-devel-linux-x86_64-debian-gcc, r-devel-windows-x86_64