Last updated on 2025-11-15 00:50:16 CET.
| Flavor | Version | Tinstall | Tcheck | Ttotal | Status | Flags |
|---|---|---|---|---|---|---|
| r-devel-linux-x86_64-debian-clang | 1.0.0 | 5.55 | 59.08 | 64.63 | OK | |
| r-devel-linux-x86_64-debian-gcc | 1.0.0 | 3.84 | 40.37 | 44.21 | OK | |
| r-devel-linux-x86_64-fedora-clang | 1.0.0 | 12.00 | 88.35 | 100.35 | OK | |
| r-devel-linux-x86_64-fedora-gcc | 1.0.0 | 10.00 | 85.28 | 95.28 | OK | |
| r-devel-windows-x86_64 | 1.0.0 | 8.00 | 75.00 | 83.00 | OK | |
| r-patched-linux-x86_64 | 1.0.0 | 5.39 | 54.17 | 59.56 | OK | |
| r-release-linux-x86_64 | 1.0.0 | 5.05 | 54.17 | 59.22 | OK | |
| r-release-macos-arm64 | 1.0.0 | 2.00 | 28.00 | 30.00 | OK | |
| r-release-macos-x86_64 | 1.0.0 | 9.00 | 53.00 | 62.00 | OK | |
| r-release-windows-x86_64 | 1.0.0 | 8.00 | 73.00 | 81.00 | OK | |
| r-oldrel-macos-arm64 | 1.0.0 | 3.00 | 32.00 | 35.00 | NOTE | |
| r-oldrel-macos-x86_64 | 1.0.0 | 4.00 | 54.00 | 58.00 | NOTE | |
| r-oldrel-windows-x86_64 | 1.0.0 | 11.00 | 89.00 | 100.00 | NOTE |
Version: 1.0.0
Check: package dependencies
Result: NOTE
Package suggested but not available for checking: ‘gurobi’
Flavors: r-oldrel-macos-arm64, r-oldrel-macos-x86_64, r-oldrel-windows-x86_64