Last updated on 2025-07-20 01:49:27 CEST.
Flavor | Version | Tinstall | Tcheck | Ttotal | Status | Flags |
---|---|---|---|---|---|---|
r-devel-linux-x86_64-debian-clang | 0.1.2 | 7.16 | 50.52 | 57.68 | OK | |
r-devel-linux-x86_64-debian-gcc | 0.1.2 | 6.63 | 41.52 | 48.15 | OK | |
r-devel-linux-x86_64-fedora-clang | 0.1.2 | 92.82 | NOTE | |||
r-devel-linux-x86_64-fedora-gcc | 0.1.2 | 87.06 | NOTE | |||
r-devel-windows-x86_64 | 0.1.2 | 9.00 | 72.00 | 81.00 | OK | |
r-patched-linux-x86_64 | 0.1.2 | 7.74 | 48.35 | 56.09 | OK | |
r-release-linux-x86_64 | 0.1.2 | 8.04 | 47.44 | 55.48 | OK | |
r-release-macos-arm64 | 0.1.2 | 47.00 | OK | |||
r-release-macos-x86_64 | 0.1.2 | 55.00 | OK | |||
r-release-windows-x86_64 | 0.1.2 | 9.00 | 61.00 | 70.00 | OK | |
r-oldrel-macos-arm64 | 0.1.2 | 42.00 | OK | |||
r-oldrel-macos-x86_64 | 0.1.2 | 44.00 | OK | |||
r-oldrel-windows-x86_64 | 0.1.2 | 11.00 | 72.00 | 83.00 | OK |
Version: 0.1.2
Check: dependencies in R code
Result: NOTE
Namespaces in Imports field not imported from:
‘ggmulti’ ‘loon’ ‘loon.data’ ‘loon.ggplot’ ‘loon.shiny’ ‘loon.tourr’
‘stats’ ‘zenplots’
All declared Imports should be used.
Flavors: r-devel-linux-x86_64-fedora-clang, r-devel-linux-x86_64-fedora-gcc