Last updated on 2025-10-21 17:49:45 CEST.
Flavor | Version | Tinstall | Tcheck | Ttotal | Status | Flags |
---|---|---|---|---|---|---|
r-devel-linux-x86_64-debian-clang | 0.3.6 | 15.06 | 117.02 | 132.08 | NOTE | |
r-devel-linux-x86_64-debian-gcc | 0.3.6 | 9.58 | 83.23 | 92.81 | NOTE | |
r-devel-linux-x86_64-fedora-clang | 0.3.6 | 39.00 | 175.05 | 214.05 | OK | |
r-devel-linux-x86_64-fedora-gcc | 0.3.6 | 36.00 | 176.41 | 212.41 | OK | |
r-devel-windows-x86_64 | 0.3.6 | 23.00 | 141.00 | 164.00 | OK | |
r-patched-linux-x86_64 | 0.3.6 | 15.26 | 111.93 | 127.19 | OK | |
r-release-linux-x86_64 | 0.3.6 | 12.18 | 111.83 | 124.01 | OK | |
r-release-macos-arm64 | 0.3.6 | 9.00 | 86.00 | 95.00 | OK | |
r-release-macos-x86_64 | 0.3.6 | 28.00 | 149.00 | 177.00 | OK | |
r-release-windows-x86_64 | 0.3.6 | 24.00 | 145.00 | 169.00 | OK | |
r-oldrel-macos-arm64 | 0.3.6 | 9.00 | 78.00 | 87.00 | OK | |
r-oldrel-macos-x86_64 | 0.3.6 | 23.00 | 135.00 | 158.00 | OK | |
r-oldrel-windows-x86_64 | 0.3.6 | 21.00 | 178.00 | 199.00 | OK |
Version: 0.3.6
Check: HTML version of manual
Result: NOTE
Found the following HTML validation problems:
finalizeHtml.html:71:1 (finalizeHtml.Rd:26): Warning: missing </ul> before </div>
Flavors: r-devel-linux-x86_64-debian-clang, r-devel-linux-x86_64-debian-gcc