Last updated on 2025-11-15 00:50:15 CET.
| Flavor | Version | Tinstall | Tcheck | Ttotal | Status | Flags |
|---|---|---|---|---|---|---|
| r-devel-linux-x86_64-debian-clang | 0.0-8 | 29.12 | 269.43 | 298.55 | NOTE | |
| r-devel-linux-x86_64-debian-gcc | 0.0-8 | 21.36 | 171.96 | 193.32 | NOTE | |
| r-devel-linux-x86_64-fedora-clang | 0.0-8 | 73.00 | 407.63 | 480.63 | OK | |
| r-devel-linux-x86_64-fedora-gcc | 0.0-8 | 68.00 | 391.34 | 459.34 | OK | |
| r-devel-windows-x86_64 | 0.0-8 | 33.00 | 208.00 | 241.00 | OK | |
| r-patched-linux-x86_64 | 0.0-8 | 28.11 | 257.11 | 285.22 | OK | |
| r-release-linux-x86_64 | 0.0-8 | 27.95 | 260.21 | 288.16 | OK | |
| r-release-macos-arm64 | 0.0-8 | 11.00 | 83.00 | 94.00 | OK | |
| r-release-macos-x86_64 | 0.0-8 | 31.00 | 194.00 | 225.00 | OK | |
| r-release-windows-x86_64 | 0.0-8 | 29.00 | 207.00 | 236.00 | OK | |
| r-oldrel-macos-arm64 | 0.0-8 | 12.00 | 82.00 | 94.00 | OK | |
| r-oldrel-macos-x86_64 | 0.0-8 | 21.00 | 133.00 | 154.00 | OK | |
| r-oldrel-windows-x86_64 | 0.0-8 | 40.00 | 283.00 | 323.00 | OK |
Version: 0.0-8
Check: CRAN incoming feasibility
Result: NOTE
Maintainer: ‘Ali Santacruz <amsantac@unal.edu.co>’
No Authors@R field in DESCRIPTION.
Please add one, modifying
Authors@R: c(person(given = c("Robert", "Gilmore"),
family = "Pontius Jr.",
role = "aut",
email = "rpontius@clarku.edu"),
person(given = "Ali",
family = "Santacruz",
role = c("aut", "cre"),
email = "amsantac@unal.edu.co"))
as necessary.
Flavors: r-devel-linux-x86_64-debian-clang, r-devel-linux-x86_64-debian-gcc