Last updated on 2025-10-31 14:49:39 CET.
| Flavor | Version | Tinstall | Tcheck | Ttotal | Status | Flags | 
|---|---|---|---|---|---|---|
| r-devel-linux-x86_64-debian-clang | 0.1-0 | 1.98 | 24.64 | 26.62 | NOTE | |
| r-devel-linux-x86_64-debian-gcc | 0.1-0 | 1.60 | 20.46 | 22.06 | NOTE | |
| r-devel-linux-x86_64-fedora-clang | 0.1-0 | 40.51 | OK | |||
| r-devel-linux-x86_64-fedora-gcc | 0.1-0 | 57.07 | OK | |||
| r-devel-windows-x86_64 | 0.1-0 | 3.00 | 44.00 | 47.00 | OK | |
| r-patched-linux-x86_64 | 0.1-0 | 2.00 | 23.68 | 25.68 | OK | |
| r-release-linux-x86_64 | 0.1-0 | 1.82 | 23.49 | 25.31 | OK | |
| r-release-macos-arm64 | 0.1-0 | 2.00 | 37.00 | 39.00 | OK | |
| r-release-macos-x86_64 | 0.1-0 | 2.00 | 54.00 | 56.00 | OK | |
| r-release-windows-x86_64 | 0.1-0 | 4.00 | 46.00 | 50.00 | OK | |
| r-oldrel-macos-arm64 | 0.1-0 | 1.00 | 24.00 | 25.00 | OK | |
| r-oldrel-macos-x86_64 | 0.1-0 | 2.00 | 34.00 | 36.00 | OK | |
| r-oldrel-windows-x86_64 | 0.1-0 | 4.00 | 51.00 | 55.00 | OK | 
Version: 0.1-0
Check: CRAN incoming feasibility
Result: NOTE
  Maintainer: ‘Christian Graul <christian.graul@gmail.com>’
  
  No Authors@R field in DESCRIPTION.
  Please add one, modifying
    Authors@R: person(given = "Christian",
                      family = "Graul",
                      role = c("aut", "cre"),
                      email = "christian.graul@gmail.com")
  as necessary.
  
  Package CITATION file contains call(s) to old-style citEntry().  Please
  use bibentry() instead.
Flavors: r-devel-linux-x86_64-debian-clang, r-devel-linux-x86_64-debian-gcc