Last updated on 2025-07-19 08:48:33 CEST.
Flavor | Version | Tinstall | Tcheck | Ttotal | Status | Flags |
---|---|---|---|---|---|---|
r-devel-linux-x86_64-debian-clang | 2.0 | 28.70 | 112.26 | 140.96 | NOTE | |
r-devel-linux-x86_64-debian-gcc | 2.0 | 20.02 | 72.73 | 92.75 | NOTE | |
r-devel-linux-x86_64-fedora-clang | 2.0 | 224.56 | OK | |||
r-devel-linux-x86_64-fedora-gcc | 2.0 | 216.58 | OK | |||
r-devel-windows-x86_64 | 2.0 | 27.00 | 108.00 | 135.00 | OK | |
r-patched-linux-x86_64 | 2.0 | 27.01 | 107.39 | 134.40 | OK | |
r-release-linux-x86_64 | 2.0 | 27.77 | 104.25 | 132.02 | OK | |
r-release-macos-arm64 | 2.0 | 53.00 | OK | |||
r-release-macos-x86_64 | 2.0 | 113.00 | OK | |||
r-release-windows-x86_64 | 2.0 | 26.00 | 107.00 | 133.00 | OK | |
r-oldrel-macos-arm64 | 2.0 | 54.00 | OK | |||
r-oldrel-macos-x86_64 | 2.0 | 85.00 | OK | |||
r-oldrel-windows-x86_64 | 2.0 | 38.00 | 141.00 | 179.00 | OK |
Version: 2.0
Check: CRAN incoming feasibility
Result: NOTE
Maintainer: ‘Maengseok Noh <msnoh@pknu.ac.kr>’
No Authors@R field in DESCRIPTION.
Please add one, modifying
Authors@R: c(person(given = "Youngjo",
family = "Lee",
role = "aut"),
person(given = "Maengseok",
family = "Noh",
role = c("aut", "cre"),
email = "msnoh@pknu.ac.kr"))
as necessary.
Flavors: r-devel-linux-x86_64-debian-clang, r-devel-linux-x86_64-debian-gcc