CRAN Package Check Results for Package detector

Last updated on 2025-10-24 11:50:44 CEST.

Flavor Version Tinstall Tcheck Ttotal Status Flags
r-devel-linux-x86_64-debian-clang 0.1.0 1.69 22.33 24.02 OK
r-devel-linux-x86_64-debian-gcc 0.1.0 1.32 18.36 19.68 OK
r-devel-linux-x86_64-fedora-clang 0.1.0 34.05 OK
r-devel-linux-x86_64-fedora-gcc 0.1.0 31.65 OK
r-devel-windows-x86_64 0.1.0 3.00 41.00 44.00 OK
r-patched-linux-x86_64 0.1.0 1.74 19.94 21.68 OK
r-release-linux-x86_64 0.1.0 1.59 19.83 21.42 OK
r-release-macos-arm64 0.1.0 1.00 16.00 17.00 OK
r-release-macos-x86_64 0.1.0 2.00 23.00 25.00 OK
r-release-windows-x86_64 0.1.0 3.00 41.00 44.00 OK
r-oldrel-macos-arm64 0.1.0 1.00 14.00 15.00 NOTE
r-oldrel-macos-x86_64 0.1.0 1.00 21.00 22.00 NOTE
r-oldrel-windows-x86_64 0.1.0 4.00 45.00 49.00 NOTE

Check Details

Version: 0.1.0
Check: LazyData
Result: NOTE 'LazyData' is specified without a 'data' directory Flavors: r-oldrel-macos-arm64, r-oldrel-macos-x86_64, r-oldrel-windows-x86_64