Last updated on 2025-10-22 05:51:05 CEST.
Flavor | Version | Tinstall | Tcheck | Ttotal | Status | Flags |
---|---|---|---|---|---|---|
r-devel-linux-x86_64-debian-clang | 2.3.2 | 31.32 | 239.99 | 271.31 | NOTE | |
r-devel-linux-x86_64-debian-gcc | 2.3.2 | 22.42 | 600.46 | 622.88 | NOTE | |
r-devel-linux-x86_64-fedora-clang | 2.3.2 | 159.00 | 289.34 | 448.34 | OK | |
r-devel-linux-x86_64-fedora-gcc | 2.3.2 | 67.00 | 341.23 | 408.23 | OK | |
r-devel-windows-x86_64 | 2.3.2 | 27.00 | 260.00 | 287.00 | OK | |
r-patched-linux-x86_64 | 2.3.2 | 21.87 | 156.98 | 178.85 | OK | |
r-release-linux-x86_64 | 2.3.2 | 30.45 | 223.57 | 254.02 | OK | |
r-release-macos-arm64 | 2.3.2 | 9.00 | 63.00 | 72.00 | OK | |
r-release-macos-x86_64 | 2.3.2 | 23.00 | 155.00 | 178.00 | OK | |
r-release-windows-x86_64 | 2.3.2 | 28.00 | 310.00 | 338.00 | OK | |
r-oldrel-macos-arm64 | 2.3.2 | 9.00 | 64.00 | 73.00 | OK | |
r-oldrel-macos-x86_64 | 2.3.2 | 23.00 | 157.00 | 180.00 | OK | |
r-oldrel-windows-x86_64 | 2.3.2 | 34.00 | 250.00 | 284.00 | OK |
Version: 2.3.2
Check: HTML version of manual
Result: NOTE
Found the following HTML validation problems:
cv.html:50:1 (cv.Rd:12): Warning: missing </ul> before </div>
ensemble.html:50:1 (ensemble.Rd:12): Warning: missing </ul> before </div>
extract_S.html:46:1 (extract_S.Rd:10): Warning: missing </ul> before </div>
gam_plot_data.html:58:1 (gam_plot_data.Rd:16): Warning: missing </ul> before </div>
get_distribution.html:54:1 (get_distribution.Rd:14): Warning: missing </ul> before </div>
get_gam_part.html:50:1 (get_gam_part.Rd:12): Warning: missing </ul> before </div>
get_layer_by_opname.html:54:1 (get_layer_by_opname.Rd:14): Warning: missing </ul> before </div>
get_layernr_by_opname.html:54:1 (get_layernr_by_opname.Rd:14): Warning: missing </ul> before </div>
get_layernr_trainable.html:50:1 (get_layernr_trainable.Rd:12): Warning: missing </ul> before </div>
get_partial_effect.html:74:1 (get_partial_effect.Rd:28): Warning: missing </ul> before </div>
get_type_pfc.html:51:1 (get_type_pfc.Rd:13): Warning: missing </ul> before </div>
get_weight_by_opname.html:54:1 (get_weight_by_opname.Rd:14): Warning: missing </ul> before </div>
import_packages.html:46:1 (import_packages.Rd:10): Warning: missing </ul> before </div>
log_score.html:74:1 (log_score.Rd:28): Warning: missing </ul> before </div>
make_generator_from_matrix.html:74:1 (make_generator_from_matrix.Rd:28): Warning: missing </ul> before </div>
plot_cv.html:59:1 (plot_cv.Rd:17): Warning: missing </ul> before </div>
predict_gam_handler.html:50:1 (predict_gam_handler.Rd:12): Warning: missing </ul> before </div>
quant.html:50:1 (quant.Rd:12): Warning: missing </ul> before </div>
reinit_weights.html:50:1 (reinit_weights.Rd:12): Warning: missing </ul> before </div>
stddev.html:50:1 (stddev.Rd:12): Warning: missing </ul> before </div>
stop_iter_cv_result.html:63:1 (stop_iter_cv_result.Rd:21): Warning: missing </ul> before </div>
tf_repeat.html:50:1 (tf_repeat.Rd:12): Warning: missing </ul> before </div>
tfd_zinb.html:51:1 (tfd_zinb.Rd:13): Warning: missing </ul> before </div>
tfd_zip.html:51:1 (tfd_zip.Rd:13): Warning: missing </ul> before </div>
update_miniconda_deepregression.html:58:1 (update_miniconda_deepregression.Rd:18): Warning: missing </ul> before </div>
Flavors: r-devel-linux-x86_64-debian-clang, r-devel-linux-x86_64-debian-gcc