CRAN Package Check Results for Package deepregression

Last updated on 2025-07-10 21:48:29 CEST.

Flavor Version Tinstall Tcheck Ttotal Status Flags
r-devel-linux-x86_64-debian-clang 2.2.0 21.84 9.10 30.94 ERROR
r-devel-linux-x86_64-debian-gcc 2.2.0 16.05 7.05 23.10 ERROR
r-devel-linux-x86_64-fedora-clang 2.2.0 311.91 OK
r-devel-linux-x86_64-fedora-gcc 2.2.0 296.22 OK
r-devel-windows-x86_64 2.2.0 24.00 244.00 268.00 OK
r-patched-linux-x86_64 2.2.0 21.90 7.32 29.22 ERROR
r-release-linux-x86_64 2.2.0 21.52 7.54 29.06 ERROR
r-release-macos-arm64 2.2.0 85.00 OK
r-release-macos-x86_64 2.2.0 152.00 OK
r-release-windows-x86_64 2.2.0 26.00 245.00 271.00 OK
r-oldrel-macos-arm64 2.2.0 69.00 OK
r-oldrel-macos-x86_64 2.2.0 104.00 OK
r-oldrel-windows-x86_64 2.2.0 32.00 244.00 276.00 OK

Check Details

Version: 2.2.0
Check: whether the package can be loaded
Result: ERROR Loading this package had a fatal error status code 1 Loading log: Loading required package: tensorflow Loading required package: tfprobability Loading required package: keras Error: package or namespace load failed for ‘deepregression’: .onLoad failed in loadNamespace() for 'torch', details: call: inst_path() error: torch cannot write into '/home/hornik/tmp/R.check/r-devel-clang/Work/build/Packages/torch/'. Execution halted Flavor: r-devel-linux-x86_64-debian-clang

Version: 2.2.0
Check: whether the package can be loaded
Result: ERROR Loading this package had a fatal error status code 1 Loading log: Loading required package: tensorflow Loading required package: tfprobability Loading required package: keras Error: package or namespace load failed for ‘deepregression’: .onLoad failed in loadNamespace() for 'torch', details: call: inst_path() error: torch cannot write into '/home/hornik/tmp/R.check/r-devel-gcc/Work/build/Packages/torch/'. Execution halted Flavor: r-devel-linux-x86_64-debian-gcc

Version: 2.2.0
Check: whether the package can be loaded
Result: ERROR Loading this package had a fatal error status code 1 Loading log: Loading required package: tensorflow Loading required package: tfprobability Loading required package: keras Error: package or namespace load failed for ‘deepregression’: .onLoad failed in loadNamespace() for 'torch', details: call: inst_path() error: torch cannot write into '/home/hornik/tmp/R.check/r-patched-gcc/Work/build/Packages/torch/'. Execution halted Flavor: r-patched-linux-x86_64

Version: 2.2.0
Check: whether the package can be loaded
Result: ERROR Loading this package had a fatal error status code 1 Loading log: Loading required package: tensorflow Loading required package: tfprobability Loading required package: keras Error: package or namespace load failed for ‘deepregression’: .onLoad failed in loadNamespace() for 'torch', details: call: inst_path() error: torch cannot write into '/home/hornik/tmp/R.check/r-release-gcc/Work/build/Packages/torch/'. Execution halted Flavor: r-release-linux-x86_64