Last updated on 2025-10-24 18:49:53 CEST.
| Flavor | Version | Tinstall | Tcheck | Ttotal | Status | Flags |
|---|---|---|---|---|---|---|
| r-devel-linux-x86_64-debian-clang | 1.2-1 | 1.77 | 165.33 | 167.10 | NOTE | |
| r-devel-linux-x86_64-debian-gcc | 1.2-1 | 1.55 | 127.62 | 129.17 | NOTE | |
| r-devel-linux-x86_64-fedora-clang | 1.2-1 | 292.53 | NOTE | |||
| r-devel-linux-x86_64-fedora-gcc | 1.2-1 | 316.57 | NOTE | |||
| r-devel-windows-x86_64 | 1.2-1 | 3.00 | 212.00 | 215.00 | NOTE | |
| r-patched-linux-x86_64 | 1.2-1 | 1.82 | 177.53 | 179.35 | NOTE | |
| r-release-linux-x86_64 | 1.2-1 | 1.64 | 178.18 | 179.82 | NOTE | |
| r-release-macos-arm64 | 1.2-1 | 1.00 | 117.00 | 118.00 | NOTE | |
| r-release-macos-x86_64 | 1.2-1 | 2.00 | 213.00 | 215.00 | NOTE | |
| r-release-windows-x86_64 | 1.2-1 | 4.00 | 208.00 | 212.00 | NOTE | |
| r-oldrel-macos-arm64 | 1.2-1 | 1.00 | 113.00 | 114.00 | NOTE | |
| r-oldrel-macos-x86_64 | 1.2-1 | 2.00 | 174.00 | 176.00 | NOTE | |
| r-oldrel-windows-x86_64 | 1.2-1 | 5.00 | 260.00 | 265.00 | NOTE |
Version: 1.2-1
Check: Rd files
Result: NOTE
checkRd: (-1) deconv.Rd:85: Lost braces; missing escapes or markup?
85 | \code{tg}, std. error of \eqn{g}, \eqn{G} (the cdf of {g}),
| ^
Flavors: r-devel-linux-x86_64-debian-clang, r-devel-linux-x86_64-debian-gcc, r-devel-linux-x86_64-fedora-clang, r-devel-linux-x86_64-fedora-gcc, r-devel-windows-x86_64, r-patched-linux-x86_64, r-release-linux-x86_64, r-release-macos-arm64, r-release-macos-x86_64, r-release-windows-x86_64, r-oldrel-macos-arm64, r-oldrel-macos-x86_64, r-oldrel-windows-x86_64