Last updated on 2025-10-21 11:53:21 CEST.
Flavor | Version | Tinstall | Tcheck | Ttotal | Status | Flags |
---|---|---|---|---|---|---|
r-devel-linux-x86_64-debian-clang | 1.2 | 2.67 | 24.55 | 27.22 | NOTE | |
r-devel-linux-x86_64-debian-gcc | 1.2 | 1.67 | 19.44 | 21.11 | NOTE | |
r-devel-linux-x86_64-fedora-clang | 1.2 | 42.42 | OK | |||
r-devel-linux-x86_64-fedora-gcc | 1.2 | 58.99 | OK | |||
r-devel-windows-x86_64 | 1.2 | 4.00 | 43.00 | 47.00 | OK | |
r-patched-linux-x86_64 | 1.2 | 2.45 | 23.51 | 25.96 | OK | |
r-release-linux-x86_64 | 1.2 | 2.38 | 23.41 | 25.79 | OK | |
r-release-macos-arm64 | 1.2 | 25.00 | OK | |||
r-release-macos-x86_64 | 1.2 | 2.00 | 43.00 | 45.00 | OK | |
r-release-windows-x86_64 | 1.2 | 5.00 | 45.00 | 50.00 | OK | |
r-oldrel-macos-arm64 | 1.2 | 24.00 | OK | |||
r-oldrel-macos-x86_64 | 1.2 | 37.00 | OK | |||
r-oldrel-windows-x86_64 | 1.2 | 7.00 | 50.00 | 57.00 | OK |
Version: 1.2
Check: HTML version of manual
Result: NOTE
Found the following HTML validation problems:
openFileToWrite.html:47:1 (openFileToWrite.Rd:11): Warning: missing </ul> before </div>
Flavors: r-devel-linux-x86_64-debian-clang, r-devel-linux-x86_64-debian-gcc